312
CDUS41 KCLE 142111
CLICAK


CLIMATE REPORT
NATIONAL WEATHER SERVICE CLEVELAND OH
511 PM EDT SAT APR 14 2018


...................................

...THE AKRON CANTON OH CLIMATE SUMMARY FOR APRIL 14 2018...
VALID TODAY AS OF 0500 PM LOCAL TIME.

CLIMATE NORMAL PERIOD 1981 TO 2010
CLIMATE RECORD PERIOD 1887 TO 2018


WEATHER ITEM   OBSERVED TIME   RECORD YEAR NORMAL DEPARTURE LAST
                VALUE   (LST)  VALUE       VALUE  FROM      YEAR
                                                  NORMAL
..................................................................
TEMPERATURE (F)
 TODAY
  MAXIMUM         78   1217 PM  82    1941  59     19       72
                                      1887
  MINIMUM         59    401 AM  13    1950  38     21       47
  AVERAGE         69                        49     20       60

PRECIPITATION (IN)
  TODAY            0.01                      0.12  -0.11     0.00
  MONTH TO DATE    2.66                      1.68   0.98     1.36
  SINCE MAR 1      5.75                      4.66   1.09     6.89
  SINCE JAN 1     13.30                      9.58   3.72    15.40

SNOWFALL (IN)
  TODAY            0.0                       0.1   -0.1      0.0
  MONTH TO DATE    4.2                       2.0    2.2      2.5
  SINCE MAR 1     13.1                      10.2    2.9     16.0
  SINCE JUL 1     51.3                      46.7    4.6     37.2
  SNOW DEPTH       0

DEGREE DAYS
 HEATING
  TODAY            0                        16    -16        5
  MONTH TO DATE  297                       263     34      190
  SINCE MAR 1   1239                      1114    125      993
  SINCE JUL 1   5385                      5658   -273     4593

 COOLING
  TODAY            4                         0      4        0
  MONTH TO DATE   12                         0     12        3
  SINCE MAR 1     12                         0     12        3
  SINCE JAN 1     15                         0     15        5
..................................................................


WIND (MPH)
  HIGHEST WIND SPEED    25   HIGHEST WIND DIRECTION    SW (220)
  HIGHEST GUST SPEED    31   HIGHEST GUST DIRECTION    SW (210)


SKY COVER
  POSSIBLE SUNSHINE  MM
  AVERAGE SKY COVER 0.9


WEATHER CONDITIONS
 THE FOLLOWING WEATHER WAS RECORDED TODAY.
  LIGHT RAIN


RELATIVE HUMIDITY (PERCENT)
 HIGHEST    78           400 PM
 LOWEST     38          1100 AM
 AVERAGE    58

..........................................................


THE AKRON CANTON OH CLIMATE NORMALS FOR TOMORROW
                         NORMAL    RECORD    YEAR
 MAXIMUM TEMPERATURE (F)   60        82      2010
 MINIMUM TEMPERATURE (F)   39        18      1943


SUNRISE AND SUNSET
APRIL 14 2018.........SUNRISE   648 AM EDT   SUNSET   804 PM EDT
APRIL 15 2018.........SUNRISE   647 AM EDT   SUNSET   805 PM EDT


-  INDICATES NEGATIVE NUMBERS.
R  INDICATES RECORD WAS SET OR TIED.
MM INDICATES DATA IS MISSING.
T  INDICATES TRACE AMOUNT.




$$
