000
CDUS41 KCLE 100531
CLICAK


CLIMATE REPORT
NATIONAL WEATHER SERVICE CLEVELAND OH
129 AM EDT TUE APR 10 2018


...................................

...THE AKRON CANTON OH CLIMATE SUMMARY FOR APRIL 9 2018...

CLIMATE NORMAL PERIOD 1981 TO 2010
CLIMATE RECORD PERIOD 1887 TO 2018


WEATHER ITEM   OBSERVED TIME   RECORD YEAR NORMAL DEPARTURE LAST
                VALUE   (LST)  VALUE       VALUE  FROM      YEAR
                                                  NORMAL
..................................................................
TEMPERATURE (F)
 YESTERDAY
  MAXIMUM         37    343 PM  80    2013  57    -20       73
  MINIMUM         25   1138 PM  15    1972  37    -12       38
  AVERAGE         31                        47    -16       56

PRECIPITATION (IN)
  YESTERDAY        0.01                      0.12  -0.11     0.00
  MONTH TO DATE    2.61                      1.07   1.54     0.88
  SINCE MAR 1      5.70                      4.05   1.65     6.41
  SINCE JAN 1     13.25                      8.97   4.28    14.92

SNOWFALL (IN)
  YESTERDAY        0.1                       0.2   -0.1      0.0
  MONTH TO DATE    4.2                       1.4    2.8      2.5
  SINCE MAR 1     13.1                       9.6    3.5     16.0
  SINCE JUL 1     51.3                      46.1    5.2     37.2
  SNOW DEPTH       0

DEGREE DAYS
 HEATING
  YESTERDAY       34                        18     16        9
  MONTH TO DATE  243                       178     65      154
  SINCE MAR 1   1185                      1029    156      957
  SINCE JUL 1   5331                      5573   -242     4557

 COOLING
  YESTERDAY        0                         0      0        0
  MONTH TO DATE    0                         0      0        0
  SINCE MAR 1      0                         0      0        0
  SINCE JAN 1      3                         0      3        2
..................................................................


WIND (MPH)
  HIGHEST WIND SPEED    15   HIGHEST WIND DIRECTION    SE (120)
  HIGHEST GUST SPEED    19   HIGHEST GUST DIRECTION    SE (120)
  AVERAGE WIND SPEED     6.0


SKY COVER
  POSSIBLE SUNSHINE  MM
  AVERAGE SKY COVER 0.9


WEATHER CONDITIONS
 THE FOLLOWING WEATHER WAS RECORDED YESTERDAY.
  LIGHT SNOW


RELATIVE HUMIDITY (PERCENT)
 HIGHEST    78          1100 PM
 LOWEST     53          1200 AM
 AVERAGE    66

..........................................................


THE AKRON CANTON OH CLIMATE NORMALS FOR TODAY
                         NORMAL    RECORD    YEAR
 MAXIMUM TEMPERATURE (F)   58        81      1945
 MINIMUM TEMPERATURE (F)   37        18      1997


SUNRISE AND SUNSET
APRIL 10 2018.........SUNRISE   655 AM EDT   SUNSET   800 PM EDT
APRIL 11 2018.........SUNRISE   653 AM EDT   SUNSET   801 PM EDT


-  INDICATES NEGATIVE NUMBERS.
R  INDICATES RECORD WAS SET OR TIED.
MM INDICATES DATA IS MISSING.
T  INDICATES TRACE AMOUNT.




$$
