296
CDUS41 KCLE 122115
CLICAK


CLIMATE REPORT
NATIONAL WEATHER SERVICE CLEVELAND OH
514 PM EDT SAT MAY 12 2018


...................................

...THE AKRON CANTON OH CLIMATE SUMMARY FOR MAY 12 2018...
VALID TODAY AS OF 0500 PM LOCAL TIME.

CLIMATE NORMAL PERIOD 1981 TO 2010
CLIMATE RECORD PERIOD 1887 TO 2018


WEATHER ITEM   OBSERVED TIME   RECORD YEAR NORMAL DEPARTURE LAST
                VALUE   (LST)  VALUE       VALUE  FROM      YEAR
                                                  NORMAL
..................................................................
TEMPERATURE (F)
 TODAY
  MAXIMUM         78    132 PM  87    1991  68     10       60
  MINIMUM         48    128 AM  30    1907  47      1       50
  AVERAGE         63                        58      5       55

PRECIPITATION (IN)
  TODAY            0.18                      0.14   0.04     0.01
  MONTH TO DATE    0.98                      1.57  -0.59     3.15
  SINCE MAR 1      9.63                      8.10   1.53    13.26
  SINCE JAN 1     17.18                     13.02   4.16    21.77

SNOWFALL (IN)
  TODAY            0.0                       0.0    0.0      0.0
  MONTH TO DATE    0.0                       0.1   -0.1      0.0
  SINCE MAR 1     15.1                      11.0    4.1     16.0
  SINCE JUL 1     53.3                      47.5    5.8     37.2
  SNOW DEPTH       0

DEGREE DAYS
 HEATING
  TODAY            2                         8     -6       10
  MONTH TO DATE   25                       113    -88      148
  SINCE MAR 1   1573                      1445    128     1226
  SINCE JUL 1   5719                      5989   -270     4826

 COOLING
  TODAY            0                         1     -1        0
  MONTH TO DATE   19                         6     13        0
  SINCE MAR 1     27                        12     15       22
  SINCE JAN 1     30                        12     18       24
..................................................................


WIND (MPH)
  HIGHEST WIND SPEED    21   HIGHEST WIND DIRECTION     N (10)
  HIGHEST GUST SPEED    29   HIGHEST GUST DIRECTION    NW (320)


SKY COVER
  POSSIBLE SUNSHINE  MM
  AVERAGE SKY COVER 0.5


WEATHER CONDITIONS
 THE FOLLOWING WEATHER WAS RECORDED TODAY.
  THUNDERSTORM
  LIGHT RAIN


RELATIVE HUMIDITY (PERCENT)
 HIGHEST    80           100 AM
 LOWEST     54          1200 PM
 AVERAGE    67

..........................................................


THE AKRON CANTON OH CLIMATE NORMALS FOR TOMORROW
                         NORMAL    RECORD    YEAR
 MAXIMUM TEMPERATURE (F)   69        89      1991
 MINIMUM TEMPERATURE (F)   48        27      1996


SUNRISE AND SUNSET
MAY 12 2018...........SUNRISE   611 AM EDT   SUNSET   834 PM EDT
MAY 13 2018...........SUNRISE   610 AM EDT   SUNSET   835 PM EDT


-  INDICATES NEGATIVE NUMBERS.
R  INDICATES RECORD WAS SET OR TIED.
MM INDICATES DATA IS MISSING.
T  INDICATES TRACE AMOUNT.




$$
