000
CDUS41 KCLE 060527
CLICAK


CLIMATE REPORT
NATIONAL WEATHER SERVICE CLEVELAND OH
127 AM EDT FRI APR 6 2018


...................................

...THE AKRON CANTON OH CLIMATE SUMMARY FOR APRIL 5 2018...

CLIMATE NORMAL PERIOD 1981 TO 2010
CLIMATE RECORD PERIOD 1887 TO 2018


WEATHER ITEM   OBSERVED TIME   RECORD YEAR NORMAL DEPARTURE LAST
                VALUE   (LST)  VALUE       VALUE  FROM      YEAR
                                                  NORMAL
..................................................................
TEMPERATURE (F)
 YESTERDAY
  MAXIMUM         45    416 PM  81    1910  55    -10       66
  MINIMUM         28    644 AM  15    1995  35     -7       42
  AVERAGE         37                        45     -8       54

PRECIPITATION (IN)
  YESTERDAY        T                         0.12  -0.12     0.20
  MONTH TO DATE    2.37                      0.59   1.78     0.49
  SINCE MAR 1      5.46                      3.57   1.89     6.02
  SINCE JAN 1     13.01                      8.49   4.52    14.53

SNOWFALL (IN)
  YESTERDAY        T                         0.1   -0.1      0.0
  MONTH TO DATE    2.4                       0.8    1.6      0.0
  SINCE MAR 1     11.3                       9.0    2.3     13.5
  SINCE JUL 1     49.5                      45.5    4.0     34.7
  SNOW DEPTH       T

DEGREE DAYS
 HEATING
  YESTERDAY       28                        20      8       11
  MONTH TO DATE  118                       103     15       76
  SINCE MAR 1   1060                       954    106      879
  SINCE JUL 1   5206                      5498   -292     4479

 COOLING
  YESTERDAY        0                         0      0        0
  MONTH TO DATE    0                         0      0        0
  SINCE MAR 1      0                         0      0        0
  SINCE JAN 1      3                         0      3        2
..................................................................


WIND (MPH)
  HIGHEST WIND SPEED    21   HIGHEST WIND DIRECTION     W (280)
  HIGHEST GUST SPEED    28   HIGHEST GUST DIRECTION     W (270)
  AVERAGE WIND SPEED    11.8


SKY COVER
  POSSIBLE SUNSHINE  MM
  AVERAGE SKY COVER 0.8


WEATHER CONDITIONS
 THE FOLLOWING WEATHER WAS RECORDED YESTERDAY.
  LIGHT SNOW


RELATIVE HUMIDITY (PERCENT)
 HIGHEST    75           600 AM
 LOWEST     36           400 PM
 AVERAGE    56

..........................................................


THE AKRON CANTON OH CLIMATE NORMALS FOR TODAY
                         NORMAL    RECORD    YEAR
 MAXIMUM TEMPERATURE (F)   56        83      2010
                                             1929
 MINIMUM TEMPERATURE (F)   36        19      1982


SUNRISE AND SUNSET
APRIL  6 2018.........SUNRISE   701 AM EDT   SUNSET   756 PM EDT
APRIL  7 2018.........SUNRISE   659 AM EDT   SUNSET   757 PM EDT


-  INDICATES NEGATIVE NUMBERS.
R  INDICATES RECORD WAS SET OR TIED.
MM INDICATES DATA IS MISSING.
T  INDICATES TRACE AMOUNT.




$$
