000
CDUS41 KCLE 032111
CLICAK


CLIMATE REPORT
NATIONAL WEATHER SERVICE CLEVELAND OH
511 PM EDT TUE APR 3 2018


...................................

...THE AKRON CANTON OH CLIMATE SUMMARY FOR APRIL 3 2018...
VALID TODAY AS OF 0500 PM LOCAL TIME.

CLIMATE NORMAL PERIOD 1981 TO 2010
CLIMATE RECORD PERIOD 1887 TO 2018


WEATHER ITEM   OBSERVED TIME   RECORD YEAR NORMAL DEPARTURE LAST
                VALUE   (LST)  VALUE       VALUE  FROM      YEAR
                                                  NORMAL
..................................................................
TEMPERATURE (F)
 TODAY
  MAXIMUM         57    351 PM  80    2010  55      2       71
  MINIMUM         38    328 AM  16    1965  35      3       47
  AVERAGE         48                        44      4       59

PRECIPITATION (IN)
  TODAY            1.20                      0.12   1.08     0.28
  MONTH TO DATE    1.44                      0.36   1.08     0.29
  SINCE MAR 1      4.53                      3.34   1.19     5.82
  SINCE JAN 1     12.08                      8.26   3.82    14.33

SNOWFALL (IN)
  TODAY            0.0                       0.1   -0.1      0.0
  MONTH TO DATE    2.4                       0.5    1.9      0.0
  SINCE MAR 1     11.3                       8.7    2.6     13.5
  SINCE JUL 1     49.5                      45.2    4.3     34.7
  SNOW DEPTH       0

DEGREE DAYS
 HEATING
  TODAY           17                        21     -4        6
  MONTH TO DATE   71                        63      8       54
  SINCE MAR 1   1013                       914     99      857
  SINCE JUL 1   5159                      5458   -299     4457

 COOLING
  TODAY            0                         0      0        0
  MONTH TO DATE    0                         0      0        0
  SINCE MAR 1      0                         0      0        0
  SINCE JAN 1      3                         0      3        2
..................................................................


WIND (MPH)
  HIGHEST WIND SPEED    24   HIGHEST WIND DIRECTION     S (200)
  HIGHEST GUST SPEED    30   HIGHEST GUST DIRECTION     S (200)


SKY COVER
  POSSIBLE SUNSHINE  MM
  AVERAGE SKY COVER 1.0


WEATHER CONDITIONS
 THE FOLLOWING WEATHER WAS RECORDED TODAY.
  THUNDERSTORM
  RAIN
  LIGHT RAIN
  FOG
  HAZE


RELATIVE HUMIDITY (PERCENT)
 HIGHEST    96          1000 AM
 LOWEST     70          1200 AM
 AVERAGE    83

..........................................................


THE AKRON CANTON OH CLIMATE NORMALS FOR TOMORROW
                         NORMAL    RECORD    YEAR
 MAXIMUM TEMPERATURE (F)   55        77      1921
 MINIMUM TEMPERATURE (F)   35        17      1936


SUNRISE AND SUNSET
APRIL  3 2018.........SUNRISE   706 AM EDT   SUNSET   753 PM EDT
APRIL  4 2018.........SUNRISE   704 AM EDT   SUNSET   754 PM EDT


-  INDICATES NEGATIVE NUMBERS.
R  INDICATES RECORD WAS SET OR TIED.
MM INDICATES DATA IS MISSING.
T  INDICATES TRACE AMOUNT.




$$
