175
CDUS41 KCLE 212114
CLICAK


CLIMATE REPORT
NATIONAL WEATHER SERVICE CLEVELAND OH
514 PM EDT MON MAY 21 2018


...................................

...THE AKRON CANTON OH CLIMATE SUMMARY FOR MAY 21 2018...
VALID TODAY AS OF 0500 PM LOCAL TIME.

CLIMATE NORMAL PERIOD 1981 TO 2010
CLIMATE RECORD PERIOD 1887 TO 2018


WEATHER ITEM   OBSERVED TIME   RECORD YEAR NORMAL DEPARTURE LAST
                VALUE   (LST)  VALUE       VALUE  FROM      YEAR
                                                  NORMAL
..................................................................
TEMPERATURE (F)
 TODAY
  MAXIMUM         79    359 PM  91    1934  71      8       71
  MINIMUM         55    551 AM  31    1895  50      5       60
  AVERAGE         67                        60      7       66

PRECIPITATION (IN)
  TODAY            0.00                      0.15  -0.15     1.98
  MONTH TO DATE    1.81                      2.85  -1.04     5.72
  SINCE MAR 1     10.46                      9.38   1.08    15.83
  SINCE JAN 1     18.01                     14.30   3.71    24.34

SNOWFALL (IN)
  TODAY            0.0                       0.0    0.0      0.0
  MONTH TO DATE    0.0                       0.1   -0.1      0.0
  SINCE MAR 1     15.1                      11.0    4.1     16.0
  SINCE JUL 1     53.3                      47.5    5.8     37.2
  SNOW DEPTH       0

DEGREE DAYS
 HEATING
  TODAY            0                         6     -6        0
  MONTH TO DATE   28                       176   -148      176
  SINCE MAR 1   1576                      1508     68     1254
  SINCE JUL 1   5722                      6052   -330     4854

 COOLING
  TODAY            2                         1      1        1
  MONTH TO DATE   46                        15     31       26
  SINCE MAR 1     54                        21     33       48
  SINCE JAN 1     57                        21     36       50
..................................................................


WIND (MPH)
  HIGHEST WIND SPEED    12   HIGHEST WIND DIRECTION    SE (120)
  HIGHEST GUST SPEED    16   HIGHEST GUST DIRECTION     E (70)


SKY COVER
  POSSIBLE SUNSHINE  MM
  AVERAGE SKY COVER 0.7


WEATHER CONDITIONS
 THE FOLLOWING WEATHER WAS RECORDED TODAY.
  NO SIGNIFICANT WEATHER WAS OBSERVED.


RELATIVE HUMIDITY (PERCENT)
 HIGHEST    86          1200 AM
 LOWEST     48           300 PM
 AVERAGE    67

..........................................................


THE AKRON CANTON OH CLIMATE NORMALS FOR TOMORROW
                         NORMAL    RECORD    YEAR
 MAXIMUM TEMPERATURE (F)   71        91      1941
 MINIMUM TEMPERATURE (F)   50        34      2002
                                             1935
                                             1895


SUNRISE AND SUNSET
MAY 21 2018...........SUNRISE   603 AM EDT   SUNSET   842 PM EDT
MAY 22 2018...........SUNRISE   602 AM EDT   SUNSET   843 PM EDT


-  INDICATES NEGATIVE NUMBERS.
R  INDICATES RECORD WAS SET OR TIED.
MM INDICATES DATA IS MISSING.
T  INDICATES TRACE AMOUNT.




$$
