000
CDUS41 KCLE 160530
CLICAK


CLIMATE REPORT
NATIONAL WEATHER SERVICE CLEVELAND OH
130 AM EDT WED MAY 16 2018


...................................

...THE AKRON CANTON OH CLIMATE SUMMARY FOR MAY 15 2018...

CLIMATE NORMAL PERIOD 1981 TO 2010
CLIMATE RECORD PERIOD 1887 TO 2018


WEATHER ITEM   OBSERVED TIME   RECORD YEAR NORMAL DEPARTURE LAST
                VALUE   (LST)  VALUE       VALUE  FROM      YEAR
                                                  NORMAL
..................................................................
TEMPERATURE (F)
 YESTERDAY
  MAXIMUM         79    220 PM  91    1991  69     10       72
  MINIMUM         61   1159 PM  30    1910  48     13       39
  AVERAGE         70                        59     11       56

PRECIPITATION (IN)
  YESTERDAY        0.09                      0.15  -0.06     0.00
  MONTH TO DATE    1.76                      2.00  -0.24     3.23
  SINCE MAR 1     10.41                      8.53   1.88    13.34
  SINCE JAN 1     17.96                     13.45   4.51    21.85

SNOWFALL (IN)
  YESTERDAY        0.0                       0.0    0.0      0.0
  MONTH TO DATE    0.0                       0.1   -0.1      0.0
  SINCE MAR 1     15.1                      11.0    4.1     16.0
  SINCE JUL 1     53.3                      47.5    5.8     37.2
  SNOW DEPTH       0

DEGREE DAYS
 HEATING
  YESTERDAY        0                         7     -7        9
  MONTH TO DATE   28                       136   -108      171
  SINCE MAR 1   1576                      1468    108     1249
  SINCE JUL 1   5722                      6012   -290     4849

 COOLING
  YESTERDAY        5                         1      4        0
  MONTH TO DATE   24                         9     15        0
  SINCE MAR 1     32                        15     17       22
  SINCE JAN 1     35                        15     20       24
..................................................................


WIND (MPH)
  HIGHEST WIND SPEED    16   HIGHEST WIND DIRECTION     W (290)
  HIGHEST GUST SPEED    22   HIGHEST GUST DIRECTION     W (270)
  AVERAGE WIND SPEED     9.2


SKY COVER
  POSSIBLE SUNSHINE  MM
  AVERAGE SKY COVER 0.6


WEATHER CONDITIONS
 THE FOLLOWING WEATHER WAS RECORDED YESTERDAY.
  THUNDERSTORM
  HEAVY RAIN
  LIGHT RAIN


RELATIVE HUMIDITY (PERCENT)
 HIGHEST    87          1200 AM
 LOWEST     54           100 PM
 AVERAGE    71

..........................................................


THE AKRON CANTON OH CLIMATE NORMALS FOR TODAY
                         NORMAL    RECORD    YEAR
 MAXIMUM TEMPERATURE (F)   69        90      1962
 MINIMUM TEMPERATURE (F)   49        30      1910


SUNRISE AND SUNSET
MAY 16 2018...........SUNRISE   607 AM EDT   SUNSET   838 PM EDT
MAY 17 2018...........SUNRISE   606 AM EDT   SUNSET   839 PM EDT


-  INDICATES NEGATIVE NUMBERS.
R  INDICATES RECORD WAS SET OR TIED.
MM INDICATES DATA IS MISSING.
T  INDICATES TRACE AMOUNT.




$$
