202
CDUS41 KCLE 200610
CLICAK


CLIMATE REPORT
NATIONAL WEATHER SERVICE CLEVELAND OH
209 AM EDT FRI APR 20 2018


...................................

...THE AKRON CANTON OH CLIMATE SUMMARY FOR APRIL 19 2018...

CLIMATE NORMAL PERIOD 1981 TO 2010
CLIMATE RECORD PERIOD 1887 TO 2018


WEATHER ITEM   OBSERVED TIME   RECORD YEAR NORMAL DEPARTURE LAST
                VALUE   (LST)  VALUE       VALUE  FROM      YEAR
                                                  NORMAL
..................................................................
TEMPERATURE (F)
 YESTERDAY
  MAXIMUM         48    412 PM  85    1941  61    -13       75
  MINIMUM         31   1148 PM  22    1983  40     -9       60
  AVERAGE         40                        51    -11       68

PRECIPITATION (IN)
  YESTERDAY        0.13                      0.12   0.01     1.70
  MONTH TO DATE    5.21                      2.28   2.93     3.07
  SINCE MAR 1      8.30                      5.26   3.04     8.60
  SINCE JAN 1     15.85                     10.18   5.67    17.11

SNOWFALL (IN)
  YESTERDAY        0.9                       0.0    0.9      0.0
  MONTH TO DATE    6.2                       2.4    3.8      2.5
  SINCE MAR 1     15.1                      10.6    4.5     16.0
  SINCE JUL 1     53.3                      47.1    6.2     37.2
  SNOW DEPTH       T

DEGREE DAYS
 HEATING
  YESTERDAY       25                        15     10        0
  MONTH TO DATE  423                       340     83      204
  SINCE MAR 1   1365                      1191    174     1007
  SINCE JUL 1   5511                      5735   -224     4607

 COOLING
  YESTERDAY        0                         0      0        3
  MONTH TO DATE    8                         0      8       12
  SINCE MAR 1      8                         0      8       12
  SINCE JAN 1     11                         0     11       14
..................................................................


WIND (MPH)
  HIGHEST WIND SPEED    24   HIGHEST WIND DIRECTION    NW (310)
  HIGHEST GUST SPEED    33   HIGHEST GUST DIRECTION    NW (330)
  AVERAGE WIND SPEED    12.0


SKY COVER
  POSSIBLE SUNSHINE  MM
  AVERAGE SKY COVER 0.6


WEATHER CONDITIONS
 THE FOLLOWING WEATHER WAS RECORDED YESTERDAY.
  LIGHT RAIN
  LIGHT SNOW
  FOG


RELATIVE HUMIDITY (PERCENT)
 HIGHEST    82           200 AM
 LOWEST     38           600 PM
 AVERAGE    60

..........................................................


THE AKRON CANTON OH CLIMATE NORMALS FOR TODAY
                         NORMAL    RECORD    YEAR
 MAXIMUM TEMPERATURE (F)   62        82      1985
                                             1915
 MINIMUM TEMPERATURE (F)   40        22      1904


SUNRISE AND SUNSET
APRIL 20 2018.........SUNRISE   639 AM EDT   SUNSET   811 PM EDT
APRIL 21 2018.........SUNRISE   638 AM EDT   SUNSET   812 PM EDT


-  INDICATES NEGATIVE NUMBERS.
R  INDICATES RECORD WAS SET OR TIED.
MM INDICATES DATA IS MISSING.
T  INDICATES TRACE AMOUNT.




$$
