000
CDUS41 KCLE 110526
CLICAK


CLIMATE REPORT
NATIONAL WEATHER SERVICE CLEVELAND OH
125 AM EDT FRI MAY 11 2018


...................................

...THE AKRON CANTON OH CLIMATE SUMMARY FOR MAY 10 2018...

CLIMATE NORMAL PERIOD 1981 TO 2010
CLIMATE RECORD PERIOD 1887 TO 2018


WEATHER ITEM   OBSERVED TIME   RECORD YEAR NORMAL DEPARTURE LAST
                VALUE   (LST)  VALUE       VALUE  FROM      YEAR
                                                  NORMAL
..................................................................
TEMPERATURE (F)
 YESTERDAY
  MAXIMUM         77    141 PM  91    1936  68      9       72
  MINIMUM         57   1159 PM  24    1966  47     10       45
  AVERAGE         67                        57     10       59

PRECIPITATION (IN)
  YESTERDAY        0.15                      0.13   0.02     0.00
  MONTH TO DATE    0.79                      1.29  -0.50     2.65
  SINCE MAR 1      9.44                      7.82   1.62    12.76
  SINCE JAN 1     16.99                     12.74   4.25    21.27

SNOWFALL (IN)
  YESTERDAY        0.0                       0.0    0.0      0.0
  MONTH TO DATE    0.0                       0.1   -0.1      0.0
  SINCE MAR 1     15.1                      11.0    4.1     16.0
  SINCE JUL 1     53.3                      47.5    5.8     37.2
  SNOW DEPTH       0

DEGREE DAYS
 HEATING
  YESTERDAY        0                         9     -9        6
  MONTH TO DATE   12                        97    -85      132
  SINCE MAR 1   1560                      1429    131     1210
  SINCE JUL 1   5706                      5973   -267     4810

 COOLING
  YESTERDAY        2                         1      1        0
  MONTH TO DATE   19                         4     15        0
  SINCE MAR 1     27                        10     17       22
  SINCE JAN 1     30                        10     20       24
..................................................................


WIND (MPH)
  HIGHEST WIND SPEED    28   HIGHEST WIND DIRECTION    SW (220)
  HIGHEST GUST SPEED    36   HIGHEST GUST DIRECTION    SW (210)
  AVERAGE WIND SPEED    12.4


SKY COVER
  POSSIBLE SUNSHINE  MM
  AVERAGE SKY COVER 0.6


WEATHER CONDITIONS
 THE FOLLOWING WEATHER WAS RECORDED YESTERDAY.
  THUNDERSTORM
  HEAVY RAIN
  LIGHT RAIN


RELATIVE HUMIDITY (PERCENT)
 HIGHEST    78           600 AM
 LOWEST     43           100 PM
 AVERAGE    61

..........................................................


THE AKRON CANTON OH CLIMATE NORMALS FOR TODAY
                         NORMAL    RECORD    YEAR
 MAXIMUM TEMPERATURE (F)   68        88      1936
 MINIMUM TEMPERATURE (F)   47        30      1913


SUNRISE AND SUNSET
MAY 11 2018...........SUNRISE   612 AM EDT   SUNSET   833 PM EDT
MAY 12 2018...........SUNRISE   611 AM EDT   SUNSET   834 PM EDT


-  INDICATES NEGATIVE NUMBERS.
R  INDICATES RECORD WAS SET OR TIED.
MM INDICATES DATA IS MISSING.
T  INDICATES TRACE AMOUNT.




$$
