950
CDUS41 KCLE 250723
CLICAK


CLIMATE REPORT
NATIONAL WEATHER SERVICE CLEVELAND OH
322 AM EDT WED APR 25 2018


...................................

...THE AKRON CANTON OH CLIMATE SUMMARY FOR APRIL 24 2018...

CLIMATE NORMAL PERIOD 1981 TO 2010
CLIMATE RECORD PERIOD 1887 TO 2018


WEATHER ITEM   OBSERVED TIME   RECORD YEAR NORMAL DEPARTURE LAST
                VALUE   (LST)  VALUE       VALUE  FROM      YEAR
                                                  NORMAL
..................................................................
TEMPERATURE (F)
 YESTERDAY
  MAXIMUM         57    241 AM  88    1925  63     -6       72
  MINIMUM         50   1038 AM  27    2015  42      8       41
                                      1930
  AVERAGE         54                        52      2       57

PRECIPITATION (IN)
  YESTERDAY        0.30                      0.12   0.18     0.00
  MONTH TO DATE    5.51                      2.87   2.64     3.54
  SINCE MAR 1      8.60                      5.85   2.75     9.07
  SINCE JAN 1     16.15                     10.77   5.38    17.58

SNOWFALL (IN)
  YESTERDAY        0.0                       0.0    0.0      0.0
  MONTH TO DATE    6.2                       2.6    3.6      2.5
  SINCE MAR 1     15.1                      10.8    4.3     16.0
  SINCE JUL 1     53.3                      47.3    6.0     37.2
  SNOW DEPTH       0

DEGREE DAYS
 HEATING
  YESTERDAY       11                        13     -2        8
  MONTH TO DATE  496                       408     88      251
  SINCE MAR 1   1438                      1259    179     1054
  SINCE JUL 1   5584                      5803   -219     4654

 COOLING
  YESTERDAY        0                         0      0        0
  MONTH TO DATE    8                         0      8       17
  SINCE MAR 1      8                         0      8       17
  SINCE JAN 1     11                         0     11       19
..................................................................


WIND (MPH)
  HIGHEST WIND SPEED    18   HIGHEST WIND DIRECTION     E (110)
  HIGHEST GUST SPEED    23   HIGHEST GUST DIRECTION    SE (140)
  AVERAGE WIND SPEED    10.7


SKY COVER
  POSSIBLE SUNSHINE  MM
  AVERAGE SKY COVER 1.0


WEATHER CONDITIONS
 THE FOLLOWING WEATHER WAS RECORDED YESTERDAY.
  LIGHT RAIN
  FOG
  HAZE


RELATIVE HUMIDITY (PERCENT)
 HIGHEST    89           100 PM
 LOWEST     51          1200 AM
 AVERAGE    70

..........................................................


THE AKRON CANTON OH CLIMATE NORMALS FOR TODAY
                         NORMAL    RECORD    YEAR
 MAXIMUM TEMPERATURE (F)   63        88      1915
 MINIMUM TEMPERATURE (F)   42        25      1888


SUNRISE AND SUNSET
APRIL 25 2018.........SUNRISE   632 AM EDT   SUNSET   816 PM EDT
APRIL 26 2018.........SUNRISE   631 AM EDT   SUNSET   817 PM EDT


-  INDICATES NEGATIVE NUMBERS.
R  INDICATES RECORD WAS SET OR TIED.
MM INDICATES DATA IS MISSING.
T  INDICATES TRACE AMOUNT.




$$
