255
CDUS41 KCLE 140534
CLICAK


CLIMATE REPORT
NATIONAL WEATHER SERVICE CLEVELAND OH
134 AM EDT SAT APR 14 2018


...................................

...THE AKRON CANTON OH CLIMATE SUMMARY FOR APRIL 13 2018...

CLIMATE NORMAL PERIOD 1981 TO 2010
CLIMATE RECORD PERIOD 1887 TO 2018


WEATHER ITEM   OBSERVED TIME   RECORD YEAR NORMAL DEPARTURE LAST
                VALUE   (LST)  VALUE       VALUE  FROM      YEAR
                                                  NORMAL
..................................................................
TEMPERATURE (F)
 YESTERDAY
  MAXIMUM         83R   335 PM  83    1941  59     24       61
  MINIMUM         62    613 AM  17    1950  38     24       42
  AVERAGE         73                        48     25       52

PRECIPITATION (IN)
  YESTERDAY        0.00                      0.12  -0.12     0.00
  MONTH TO DATE    2.65                      1.56   1.09     1.36
  SINCE MAR 1      5.74                      4.54   1.20     6.89
  SINCE JAN 1     13.29                      9.46   3.83    15.40

SNOWFALL (IN)
  YESTERDAY        0.0                       0.2   -0.2      0.0
  MONTH TO DATE    4.2                       1.9    2.3      2.5
  SINCE MAR 1     13.1                      10.1    3.0     16.0
  SINCE JUL 1     51.3                      46.6    4.7     37.2
  SNOW DEPTH       0

DEGREE DAYS
 HEATING
  YESTERDAY        0                        17    -17       13
  MONTH TO DATE  297                       247     50      185
  SINCE MAR 1   1239                      1098    141      988
  SINCE JUL 1   5385                      5642   -257     4588

 COOLING
  YESTERDAY        8                         0      8        0
  MONTH TO DATE    8                         0      8        3
  SINCE MAR 1      8                         0      8        3
  SINCE JAN 1     11                         0     11        5
..................................................................


WIND (MPH)
  HIGHEST WIND SPEED    26   HIGHEST WIND DIRECTION    SW (210)
  HIGHEST GUST SPEED    38   HIGHEST GUST DIRECTION     W (250)
  AVERAGE WIND SPEED    15.9


SKY COVER
  POSSIBLE SUNSHINE  MM
  AVERAGE SKY COVER 0.6


WEATHER CONDITIONS
 THE FOLLOWING WEATHER WAS RECORDED YESTERDAY.
  NO SIGNIFICANT WEATHER WAS OBSERVED.


RELATIVE HUMIDITY (PERCENT)
 HIGHEST    45           900 PM
 LOWEST     24           300 PM
 AVERAGE    35

..........................................................


THE AKRON CANTON OH CLIMATE NORMALS FOR TODAY
                         NORMAL    RECORD    YEAR
 MAXIMUM TEMPERATURE (F)   59        82      1941
                                             1887
 MINIMUM TEMPERATURE (F)   38        13      1950


SUNRISE AND SUNSET
APRIL 14 2018.........SUNRISE   648 AM EDT   SUNSET   804 PM EDT
APRIL 15 2018.........SUNRISE   647 AM EDT   SUNSET   805 PM EDT


-  INDICATES NEGATIVE NUMBERS.
R  INDICATES RECORD WAS SET OR TIED.
MM INDICATES DATA IS MISSING.
T  INDICATES TRACE AMOUNT.




$$
