000
CDUS41 KCLE 010526
CLICAK


CLIMATE REPORT
NATIONAL WEATHER SERVICE CLEVELAND OH
125 AM EDT SUN APR 1 2018


...................................

...THE AKRON CANTON OH CLIMATE SUMMARY FOR MARCH 31 2018...

CLIMATE NORMAL PERIOD 1981 TO 2010
CLIMATE RECORD PERIOD 1887 TO 2018


WEATHER ITEM   OBSERVED TIME   RECORD YEAR NORMAL DEPARTURE LAST
                VALUE   (LST)  VALUE       VALUE  FROM      YEAR
                                                  NORMAL
..................................................................
TEMPERATURE (F)
 YESTERDAY
  MAXIMUM         54    836 PM  80    1998  53      1       58
  MINIMUM         26    554 AM   9    1923  33     -7       39
  AVERAGE         40                        43     -3       49

PRECIPITATION (IN)
  YESTERDAY        T                         0.11  -0.11     1.27
  MONTH TO DATE    3.09                      2.98   0.11     5.53
  SINCE MAR 1      3.09                      2.98   0.11     5.53
  SINCE JAN 1     10.64                      7.90   2.74    14.04

SNOWFALL (IN)
  YESTERDAY        0.0                       0.2   -0.2      0.0
  MONTH TO DATE    8.9                       8.2    0.7     13.5
  SINCE MAR 1      8.9                       8.2    0.7     13.5
  SINCE JUL 1     47.1                      44.7    2.4     34.7
  SNOW DEPTH       0

DEGREE DAYS
 HEATING
  YESTERDAY       25                        22      3       16
  MONTH TO DATE  942                       851     91      803
  SINCE MAR 1    942                       851     91      803
  SINCE JUL 1   5088                      5395   -307     4403

 COOLING
  YESTERDAY        0                         0      0        0
  MONTH TO DATE    0                         0      0        0
  SINCE MAR 1      0                         0      0        0
  SINCE JAN 1      3                         0      3        2
..................................................................


WIND (MPH)
  HIGHEST WIND SPEED    32   HIGHEST WIND DIRECTION    SW (220)
  HIGHEST GUST SPEED    44   HIGHEST GUST DIRECTION    SW (240)
  AVERAGE WIND SPEED    14.4


SKY COVER
  POSSIBLE SUNSHINE  MM
  AVERAGE SKY COVER 0.6


WEATHER CONDITIONS
 THE FOLLOWING WEATHER WAS RECORDED YESTERDAY.
  LIGHT RAIN


RELATIVE HUMIDITY (PERCENT)
 HIGHEST    82           800 AM
 LOWEST     41           600 PM
 AVERAGE    62

..........................................................


THE AKRON CANTON OH CLIMATE NORMALS FOR TODAY
                         NORMAL    RECORD    YEAR
 MAXIMUM TEMPERATURE (F)   54        81      1986
 MINIMUM TEMPERATURE (F)   34        10      1964


SUNRISE AND SUNSET
APRIL  1 2018.........SUNRISE   709 AM EDT   SUNSET   751 PM EDT
APRIL  2 2018.........SUNRISE   708 AM EDT   SUNSET   752 PM EDT


-  INDICATES NEGATIVE NUMBERS.
R  INDICATES RECORD WAS SET OR TIED.
MM INDICATES DATA IS MISSING.
T  INDICATES TRACE AMOUNT.




$$
