000
CDUS41 KCLE 030533
CLICAK


CLIMATE REPORT
NATIONAL WEATHER SERVICE CLEVELAND OH
132 AM EDT THU MAY 3 2018


...................................

...THE AKRON CANTON OH CLIMATE SUMMARY FOR MAY 2 2018...

CLIMATE NORMAL PERIOD 1981 TO 2010
CLIMATE RECORD PERIOD 1887 TO 2018


WEATHER ITEM   OBSERVED TIME   RECORD YEAR NORMAL DEPARTURE LAST
                VALUE   (LST)  VALUE       VALUE  FROM      YEAR
                                                  NORMAL
..................................................................
TEMPERATURE (F)
 YESTERDAY
  MAXIMUM         83    355 PM  85    1899  66     17       53
  MINIMUM         54    521 AM  29    1909  44     10       46
  AVERAGE         69                        55     14       50

PRECIPITATION (IN)
  YESTERDAY        0.00                      0.13  -0.13     0.02
  MONTH TO DATE    0.00                      0.25  -0.25     1.06
  SINCE MAR 1      8.65                      6.78   1.87    11.17
  SINCE JAN 1     16.20                     11.70   4.50    19.68

SNOWFALL (IN)
  YESTERDAY        0.0                       0.0    0.0      0.0
  MONTH TO DATE    0.0                       0.0    0.0      0.0
  SINCE MAR 1     15.1                      10.9    4.2     16.0
  SINCE JUL 1     53.3                      47.4    5.9     37.2
  SNOW DEPTH       0

DEGREE DAYS
 HEATING
  YESTERDAY        0                        11    -11       15
  MONTH TO DATE    1                        22    -21       16
  SINCE MAR 1   1549                      1354    195     1094
  SINCE JUL 1   5695                      5898   -203     4694

 COOLING
  YESTERDAY        4                         0      4        0
  MONTH TO DATE    4                         0      4        0
  SINCE MAR 1     12                         6      6       22
  SINCE JAN 1     15                         6      9       24
..................................................................


WIND (MPH)
  HIGHEST WIND SPEED    26   HIGHEST WIND DIRECTION    SW (220)
  HIGHEST GUST SPEED    34   HIGHEST GUST DIRECTION    SW (230)
  AVERAGE WIND SPEED    12.9


SKY COVER
  POSSIBLE SUNSHINE  MM
  AVERAGE SKY COVER 0.4


WEATHER CONDITIONS
 THE FOLLOWING WEATHER WAS RECORDED YESTERDAY.
  NO SIGNIFICANT WEATHER WAS OBSERVED.


RELATIVE HUMIDITY (PERCENT)
 HIGHEST    59           600 AM
 LOWEST     33           100 PM
 AVERAGE    46

..........................................................


THE AKRON CANTON OH CLIMATE NORMALS FOR TODAY
                         NORMAL    RECORD    YEAR
 MAXIMUM TEMPERATURE (F)   66        88      2012
 MINIMUM TEMPERATURE (F)   45        30      1986


SUNRISE AND SUNSET
MAY  3 2018...........SUNRISE   621 AM EDT   SUNSET   824 PM EDT
MAY  4 2018...........SUNRISE   620 AM EDT   SUNSET   825 PM EDT


-  INDICATES NEGATIVE NUMBERS.
R  INDICATES RECORD WAS SET OR TIED.
MM INDICATES DATA IS MISSING.
T  INDICATES TRACE AMOUNT.




$$
