000
CDUS41 KCLE 022111
CLICAK


CLIMATE REPORT
NATIONAL WEATHER SERVICE CLEVELAND OH
511 PM EDT MON APR 2 2018


...................................

...THE AKRON CANTON OH CLIMATE SUMMARY FOR APRIL 2 2018...
VALID TODAY AS OF 0500 PM LOCAL TIME.

CLIMATE NORMAL PERIOD 1981 TO 2010
CLIMATE RECORD PERIOD 1887 TO 2018


WEATHER ITEM   OBSERVED TIME   RECORD YEAR NORMAL DEPARTURE LAST
                VALUE   (LST)  VALUE       VALUE  FROM      YEAR
                                                  NORMAL
..................................................................
TEMPERATURE (F)
 TODAY
  MAXIMUM         42    350 PM  82    2010  54    -12       58
  MINIMUM         28    734 AM  16    1907  34     -6       29
  AVERAGE         35                        44     -9       44

PRECIPITATION (IN)
  TODAY            0.07                      0.12  -0.05     0.00
  MONTH TO DATE    0.24                      0.24   0.00     0.01
  SINCE MAR 1      3.33                      3.22   0.11     5.54
  SINCE JAN 1     10.88                      8.14   2.74    14.05

SNOWFALL (IN)
  TODAY            0.7                       0.2    0.5      0.0
  MONTH TO DATE    2.4                       0.4    2.0      0.0
  SINCE MAR 1     11.3                       8.6    2.7     13.5
  SINCE JUL 1     49.5                      45.1    4.4     34.7
  SNOW DEPTH       0

DEGREE DAYS
 HEATING
  TODAY           30                        21      9       21
  MONTH TO DATE   54                        42     12       48
  SINCE MAR 1    996                       893    103      851
  SINCE JUL 1   5142                      5437   -295     4451

 COOLING
  TODAY            0                         0      0        0
  MONTH TO DATE    0                         0      0        0
  SINCE MAR 1      0                         0      0        0
  SINCE JAN 1      3                         0      3        2
..................................................................


WIND (MPH)
  HIGHEST WIND SPEED    13   HIGHEST WIND DIRECTION     N (340)
  HIGHEST GUST SPEED    15   HIGHEST GUST DIRECTION    NW (330)


SKY COVER
  POSSIBLE SUNSHINE  MM
  AVERAGE SKY COVER 0.8


WEATHER CONDITIONS
 THE FOLLOWING WEATHER WAS RECORDED TODAY.
  LIGHT SNOW
  FOG
  HAZE


RELATIVE HUMIDITY (PERCENT)
 HIGHEST    85          1200 AM
 LOWEST     51           200 PM
 AVERAGE    68

..........................................................


THE AKRON CANTON OH CLIMATE NORMALS FOR TOMORROW
                         NORMAL    RECORD    YEAR
 MAXIMUM TEMPERATURE (F)   55        80      2010
 MINIMUM TEMPERATURE (F)   35        16      1965


SUNRISE AND SUNSET
APRIL  2 2018.........SUNRISE   708 AM EDT   SUNSET   752 PM EDT
APRIL  3 2018.........SUNRISE   706 AM EDT   SUNSET   753 PM EDT


-  INDICATES NEGATIVE NUMBERS.
R  INDICATES RECORD WAS SET OR TIED.
MM INDICATES DATA IS MISSING.
T  INDICATES TRACE AMOUNT.




$$
