521
CXUS51 KCLE 061457
CLMCAK


CLIMATE REPORT
NATIONAL WEATHER SERVICE CLEVELAND OH
1047 AM EDT SUN MAY 6 2018

...................................

...THE AKRON CANTON OH CLIMATE SUMMARY FOR THE MONTH OF APRIL 2018...

CLIMATE NORMAL PERIOD 1981 TO 2010
CLIMATE RECORD PERIOD 1887 TO 2018

WEATHER         OBSERVED          NORMAL  DEPART  LAST YEAR`S
                 VALUE   DATE(S)  VALUE   FROM    VALUE
                                          NORMAL
.............................................................
TEMPERATURE (F)
RECORD
 HIGH              89   04/26/1915
 LOW               10   04/01/1964
HIGHEST            83   04/13
LOWEST             22   04/10
AVG. MAXIMUM     55.8              59.6    -3.8     67.4
AVG. MINIMUM     33.8              38.8    -5.0     45.2
MEAN             44.8              49.2    -4.4     56.3
DAYS MAX >= 90      0               0.0     0.0        0
DAYS MAX <= 32      0               0.2    -0.2        0
DAYS MIN <= 32     19               7.4    11.6        3
DAYS MIN <= 0       0               0.0     0.0        0

PRECIPITATION (INCHES)
RECORD
 MAXIMUM         7.58   1929
 MINIMUM         0.83   1941
TOTALS           5.56              3.55    2.01     4.58
DAYS >= .01        17              14.3     2.7       15
DAYS >= .10         9               8.2     0.8        9
DAYS >= .50         2               2.1    -0.1        2
DAYS >= 1.00        2               0.8     1.2        1
GREATEST
 24 HR. TOTAL    2.14   04/15 TO 04/15              1.93

SNOWFALL (INCHES)
RECORDS
 TOTAL           20.9   1987
TOTALS            6.2               2.7     3.5      2.5
SINCE 7/1        53.3              47.4     5.9     37.2
DAYS >= 1.0         3               0.7     2.3        1
GREATEST
 24 HR TOTAL      1.7   04/06 TO 04/06

DEGREE_DAYS
HEATING TOTAL     606               481     125      275
 SINCE 7/1       5694              5876    -182     4678
COOLING TOTAL       8                 6       2       22
 SINCE 1/1         11                 6       5       24
..............................................................

WIND (MPH)
AVERAGE WIND SPEED              10.1
HIGHEST WIND SPEED/DIRECTION    37/270    DATE  04/04
HIGHEST GUST SPEED/DIRECTION    51/260    DATE  04/04

SKY COVER
AVERAGE SKY COVER           0.70

AVERAGE RH (PERCENT)     60


-  INDICATES NEGATIVE NUMBERS.
R  INDICATES RECORD WAS SET OR TIED.
MM INDICATES DATA IS MISSING.
T  INDICATES TRACE AMOUNT.

$$
