000
CXUS51 KCLE 080424
CLMCAK


CLIMATE REPORT
NATIONAL WEATHER SERVICE CLEVELAND OH
1223 AM EDT SUN APR 8 2018

...................................

...THE AKRON CANTON OH CLIMATE SUMMARY FOR THE MONTH OF MARCH 2018...

CLIMATE NORMAL PERIOD 1981 TO 2010
CLIMATE RECORD PERIOD 1887 TO 2018

WEATHER         OBSERVED          NORMAL  DEPART  LAST YEAR`S
                 VALUE   DATE(S)  VALUE   FROM    VALUE
                                          NORMAL
.............................................................
TEMPERATURE (F)
RECORD
 HIGH              83   03/22/2012
 LOW               -6   03/12/1948
HIGHEST            61   03/29
LOWEST             16   03/10
AVG. MAXIMUM     43.1              46.6    -3.5     47.1
AVG. MINIMUM     25.7              28.5    -2.8     30.6
MEAN             34.4              37.6    -3.2     38.8
DAYS MAX >= 90      0               0.0     0.0        0
DAYS MAX <= 32      3               3.6    -0.6        6
DAYS MIN <= 32     27              20.4     6.6       15
DAYS MIN <= 0       0               0.0     0.0        0

PRECIPITATION (INCHES)
RECORD
 MAXIMUM        10.46   1913
 MINIMUM         0.49   1910
TOTALS           3.09              2.98    0.11     5.53
DAYS >= .01        14              14.0     0.0       20
DAYS >= .10         8               7.4     0.6       12
DAYS >= .50         3               1.7     1.3        3
DAYS >= 1.00        1               0.3     0.7        1
GREATEST
 24 HR. TOTAL    1.00   03/01 TO 03/01              1.27

SNOWFALL (INCHES)
RECORDS
 TOTAL           20.9   1960
TOTALS            8.9               8.2     0.7     13.5
SINCE 7/1        47.1              44.7     2.4     34.7
DAYS >= 1.0         4               2.7     1.3        5
GREATEST
 24 HR TOTAL      2.3   03/21 TO 03/21

DEGREE_DAYS
HEATING TOTAL     942               851      91      803
 SINCE 7/1       5088              5395    -307     4403
COOLING TOTAL       0                 0       0        0
 SINCE 1/1          3                 0       3        2
..............................................................

WIND (MPH)
AVERAGE WIND SPEED              10.3
HIGHEST WIND SPEED/DIRECTION    33/340    DATE  03/01
HIGHEST GUST SPEED/DIRECTION    44/240    DATE  03/31

SKY COVER
AVERAGE SKY COVER           0.60

AVERAGE RH (PERCENT)     64

WEATHER CONDITIONS. NUMBER OF DAYS WITH
THUNDERSTORM              0     MIXED PRECIP               0
HEAVY RAIN                1     RAIN                       2
LIGHT RAIN                8     FREEZING RAIN              0
LT FREEZING RAIN          0     HAIL                       0
HEAVY SNOW                0     SNOW                       2
LIGHT SNOW               13     SLEET                      0
FOG                      12     FOG W/VIS <= 1/4 MILE      2
HAZE                      1

-  INDICATES NEGATIVE NUMBERS.
R  INDICATES RECORD WAS SET OR TIED.
MM INDICATES DATA IS MISSING.
T  INDICATES TRACE AMOUNT.

$$
