000
CXUS51 KCLE 011648
CLMCAK
CLIMATE REPORT
NATIONAL WEATHER SERVICE CLEVELAND, OH
1248 PM EDT SAT JUL 01 2023
...................................
...THE AKRON CANTON OH CLIMATE SUMMARY FOR THE MONTH OF JUNE 2023...
CLIMATE NORMAL PERIOD 1991 TO 2020
CLIMATE RECORD PERIOD 1887 TO 2023
WEATHER OBSERVED NORMAL DEPART LAST YEAR`S
VALUE DATE(S) VALUE FROM VALUE
NORMAL
..............................................................
TEMPERATURE (F)
RECORD
HIGH 100 06/25/1988
06/26/1952
LOW 32 06/11/1972
HIGHEST 88 06/02
06/03
LOWEST 43 06/08
AVG. MAXIMUM 76.1 80.4 -4.3 82.2
AVG. MINIMUM 54.9 59.4 -4.5 60.4
MEAN 65.5 69.9 -4.4 71.3
DAYS MAX >= 90 0 1.9 -1.9 4
DAYS MAX <= 32 0 0.0 0.0 0
DAYS MIN <= 32 0 0.0 0.0 0
DAYS MIN <= 0 0 0.0 0.0 0
PRECIPITATION (INCHES)
RECORD
MAXIMUM 11.12 1924
MINIMUM 0.37 1988
TOTALS 2.39 4.43 -2.04 2.36
DAYS >= .01 11 12.4 -1.4 8
DAYS >= .10 6 8.2 -2.2 5
DAYS >= .50 2 3.2 -1.2 2
DAYS >= 1.00 0 1.1 -1.1 0
GREATEST
24 HR. TOTAL 0.90 06/13 TO 06/14 0.95
SNOWFALL (INCHES)
RECORDS
TOTAL T MM
TOTALS 0.0 0.0 0.0 0.0
SINCE 7/1 21.3 47.2 -25.9 52.0
DAYS >= 1.0 0 0.0 0.0 0
GREATEST
24 HR TOTAL 0.0
DEGREE DAYS
HEATING TOTAL 55 30 25 11
SINCE 7/1 5000 5698 -698 5253
COOLING TOTAL 78 177 -99 205
SINCE 1/1 115 250 -135 318
..............................................................
WIND (MPH)
AVERAGE WIND SPEED 8.3
HIGHEST WIND SPEED/DIRECTION 28/210 DATE 06/11
HIGHEST GUST SPEED/DIRECTION 35/230 DATE 06/13
35/230 06/26
SKY COVER
AVERAGE SKY COVER 0.61
AVERAGE RH (PERCENT) 68
WEATHER CONDITIONS. NUMBER OF DAYS WITH
THUNDERSTORM 3 MIXED PRECIP 0
HEAVY RAIN 1 RAIN 5
LIGHT RAIN 11 FREEZING RAIN 0
LT FREEZING RAIN 0 HAIL 0
HEAVY SNOW 0 SNOW 0
LIGHT SNOW 0 SLEET 0
FOG 18 FOG W/VIS <= 1/4 MILE 0
HAZE 12
- INDICATES NEGATIVE NUMBERS.
R INDICATES RECORD WAS SET OR TIED.
MM INDICATES DATA IS MISSING.
T INDICATES TRACE AMOUNT.
$$