000
CDUS41 KCLE 220527
CLICLE


CLIMATE REPORT
NATIONAL WEATHER SERVICE CLEVELAND OH
126 AM EDT SUN APR 22 2018


...................................

...THE CLEVELAND OH CLIMATE SUMMARY FOR APRIL 21 2018...

CLIMATE NORMAL PERIOD 1981 TO 2010
CLIMATE RECORD PERIOD 1871 TO 2018


WEATHER ITEM   OBSERVED TIME   RECORD YEAR NORMAL DEPARTURE LAST
                VALUE   (LST)  VALUE       VALUE  FROM      YEAR
                                                  NORMAL
..................................................................
TEMPERATURE (F)
 YESTERDAY
  MAXIMUM         52   1112 AM  86    1952  61     -9       66
  MINIMUM         28    533 AM  24    1875  42    -14       47
  AVERAGE         40                        52    -12       57

PRECIPITATION (IN)
  YESTERDAY        0.00                      0.12  -0.12      T
  MONTH TO DATE    3.86                      2.53   1.33     4.03
  SINCE MAR 1      7.87                      5.46   2.41     8.05
  SINCE JAN 1     13.39                     10.52   2.87    15.51

SNOWFALL (IN)
  YESTERDAY        0.0                       0.1   -0.1      0.0
  MONTH TO DATE    3.3                       3.1    0.2      2.8
  SINCE MAR 1     16.0                      15.7    0.3     12.1
  SINCE JUL 1     53.1                      67.9  -14.8     37.3
  SNOW DEPTH       0

DEGREE DAYS
 HEATING
  YESTERDAY       25                        14     11        8
  MONTH TO DATE  492                       361    131      193
  SINCE MAR 1   1436                      1187    249      984
  SINCE JUL 1   5423                      5404     19     4295

 COOLING
  YESTERDAY        0                         1     -1        0
  MONTH TO DATE    0                         1     -1       21
  SINCE MAR 1      0                         2     -2       21
  SINCE JAN 1      3                         2      1       21
..................................................................


WIND (MPH)
  HIGHEST WIND SPEED    13   HIGHEST WIND DIRECTION     N (360)
  HIGHEST GUST SPEED    16   HIGHEST GUST DIRECTION     N (350)
  AVERAGE WIND SPEED     3.9


SKY COVER
  POSSIBLE SUNSHINE  MM
  AVERAGE SKY COVER 0.7


WEATHER CONDITIONS
 THE FOLLOWING WEATHER WAS RECORDED YESTERDAY.
  NO SIGNIFICANT WEATHER WAS OBSERVED.


RELATIVE HUMIDITY (PERCENT)
 HIGHEST    85           400 AM
 LOWEST     24          1100 AM
 AVERAGE    55

..........................................................


THE CLEVELAND OH CLIMATE NORMALS FOR TODAY
                         NORMAL    RECORD    YEAR
 MAXIMUM TEMPERATURE (F)   62        84      1985
 MINIMUM TEMPERATURE (F)   43        23      1875


SUNRISE AND SUNSET
APRIL 22 2018.........SUNRISE   637 AM EDT   SUNSET   815 PM EDT
APRIL 23 2018.........SUNRISE   636 AM EDT   SUNSET   816 PM EDT


-  INDICATES NEGATIVE NUMBERS.
R  INDICATES RECORD WAS SET OR TIED.
MM INDICATES DATA IS MISSING.
T  INDICATES TRACE AMOUNT.




$$
