000
CDUS41 KCLE 100540
CLICLE


CLIMATE REPORT
NATIONAL WEATHER SERVICE CLEVELAND OH
138 AM EDT THU MAY 10 2018


...................................

...THE CLEVELAND OH CLIMATE SUMMARY FOR MAY 9 2018...

CLIMATE NORMAL PERIOD 1981 TO 2010
CLIMATE RECORD PERIOD 1871 TO 2018


WEATHER ITEM   OBSERVED TIME   RECORD YEAR NORMAL DEPARTURE LAST
                VALUE   (LST)  VALUE       VALUE  FROM      YEAR
                                                  NORMAL
..................................................................
TEMPERATURE (F)
 YESTERDAY
  MAXIMUM         83    426 PM  88    2015  68     15       62
                                      1979
  MINIMUM         52   1259 AM  29    1983  48      4       36
  AVERAGE         68                        58     10       49

PRECIPITATION (IN)
  YESTERDAY        0.00                      0.11  -0.11     0.00
  MONTH TO DATE    0.80                      1.00  -0.20     2.15
  SINCE MAR 1      9.19                      7.42   1.77    10.66
  SINCE JAN 1     14.71                     12.48   2.23    18.12

SNOWFALL (IN)
  YESTERDAY        0.0                       0.0    0.0      0.0
  MONTH TO DATE    0.0                       0.1   -0.1      0.0
  SINCE MAR 1     16.0                      16.0    0.0     12.1
  SINCE JUL 1     53.1                      68.2  -15.1     37.3
  SNOW DEPTH       0

DEGREE DAYS
 HEATING
  YESTERDAY        0                         8     -8       16
  MONTH TO DATE   21                        84    -63      126
  SINCE MAR 1   1596                      1378    218     1170
  SINCE JUL 1   5583                      5595    -12     4481

 COOLING
  YESTERDAY        3                         1      2        0
  MONTH TO DATE   26                         9     17        0
  SINCE MAR 1     26                        20      6       31
  SINCE JAN 1     29                        20      9       31
..................................................................


WIND (MPH)
  HIGHEST WIND SPEED    23   HIGHEST WIND DIRECTION     S (170)
  HIGHEST GUST SPEED    30   HIGHEST GUST DIRECTION     S (200)
  AVERAGE WIND SPEED    11.9


SKY COVER
  POSSIBLE SUNSHINE  MM
  AVERAGE SKY COVER 0.6


WEATHER CONDITIONS
 THE FOLLOWING WEATHER WAS RECORDED YESTERDAY.
  NO SIGNIFICANT WEATHER WAS OBSERVED.


RELATIVE HUMIDITY (PERCENT)
 HIGHEST    67           600 AM
 LOWEST     30           500 PM
 AVERAGE    49

..........................................................


THE CLEVELAND OH CLIMATE NORMALS FOR TODAY
                         NORMAL    RECORD    YEAR
 MAXIMUM TEMPERATURE (F)   68        90      1953
 MINIMUM TEMPERATURE (F)   48        25      1966


SUNRISE AND SUNSET
MAY 10 2018...........SUNRISE   614 AM EDT   SUNSET   834 PM EDT
MAY 11 2018...........SUNRISE   613 AM EDT   SUNSET   835 PM EDT


-  INDICATES NEGATIVE NUMBERS.
R  INDICATES RECORD WAS SET OR TIED.
MM INDICATES DATA IS MISSING.
T  INDICATES TRACE AMOUNT.




$$
