000
CDUS41 KCLE 020526
CLICLE


CLIMATE REPORT
NATIONAL WEATHER SERVICE CLEVELAND OH
126 AM EDT WED MAY 2 2018


...................................

...THE CLEVELAND OH CLIMATE SUMMARY FOR MAY 1 2018...

CLIMATE NORMAL PERIOD 1981 TO 2010
CLIMATE RECORD PERIOD 1871 TO 2018


WEATHER ITEM   OBSERVED TIME   RECORD YEAR NORMAL DEPARTURE LAST
                VALUE   (LST)  VALUE       VALUE  FROM      YEAR
                                                  NORMAL
..................................................................
TEMPERATURE (F)
 YESTERDAY
  MAXIMUM         82    440 PM  88    1942  65     17       76
  MINIMUM         53    404 AM  28    1876  45      8       53
  AVERAGE         68                        55     13       65

PRECIPITATION (IN)
  YESTERDAY        0.00                      0.11  -0.11     0.30
  MONTH TO DATE    0.00                      0.11  -0.11     0.30
  SINCE MAR 1      8.39                      6.53   1.86     8.81
  SINCE JAN 1     13.91                     11.59   2.32    16.27

SNOWFALL (IN)
  YESTERDAY        0.0                       0.0    0.0      0.0
  MONTH TO DATE    0.0                       0.0    0.0      0.0
  SINCE MAR 1     16.0                      15.9    0.1     12.1
  SINCE JUL 1     53.1                      68.1  -15.0     37.3
  SNOW DEPTH       0

DEGREE DAYS
 HEATING
  YESTERDAY        0                        10    -10        0
  MONTH TO DATE    0                        10    -10        0
  SINCE MAR 1   1575                      1304    271     1044
  SINCE JUL 1   5562                      5521     41     4355

 COOLING
  YESTERDAY        3                         1      2        0
  MONTH TO DATE    3                         1      2        0
  SINCE MAR 1      3                        12     -9       31
  SINCE JAN 1      6                        12     -6       31
..................................................................


WIND (MPH)
  HIGHEST WIND SPEED    21   HIGHEST WIND DIRECTION    SW (240)
  HIGHEST GUST SPEED    28   HIGHEST GUST DIRECTION    SW (210)
  AVERAGE WIND SPEED    11.5


SKY COVER
  POSSIBLE SUNSHINE  MM
  AVERAGE SKY COVER 0.1


WEATHER CONDITIONS
 THE FOLLOWING WEATHER WAS RECORDED YESTERDAY.
  NO SIGNIFICANT WEATHER WAS OBSERVED.


RELATIVE HUMIDITY (PERCENT)
 HIGHEST    38           500 AM
 LOWEST     18           200 PM
 AVERAGE    28

..........................................................


THE CLEVELAND OH CLIMATE NORMALS FOR TODAY
                         NORMAL    RECORD    YEAR
 MAXIMUM TEMPERATURE (F)   65        86      1951
 MINIMUM TEMPERATURE (F)   46        26      1963


SUNRISE AND SUNSET
MAY  2 2018...........SUNRISE   623 AM EDT   SUNSET   826 PM EDT
MAY  3 2018...........SUNRISE   622 AM EDT   SUNSET   827 PM EDT


-  INDICATES NEGATIVE NUMBERS.
R  INDICATES RECORD WAS SET OR TIED.
MM INDICATES DATA IS MISSING.
T  INDICATES TRACE AMOUNT.




$$
