000
CDUS41 KCLE 040545
CLICLE


CLIMATE REPORT
NATIONAL WEATHER SERVICE CLEVELAND OH
145 AM EDT FRI MAY 4 2018


...................................

...THE CLEVELAND OH CLIMATE SUMMARY FOR MAY 3 2018...

CLIMATE NORMAL PERIOD 1981 TO 2010
CLIMATE RECORD PERIOD 1871 TO 2018


WEATHER ITEM   OBSERVED TIME   RECORD YEAR NORMAL DEPARTURE LAST
                VALUE   (LST)  VALUE       VALUE  FROM      YEAR
                                                  NORMAL
..................................................................
TEMPERATURE (F)
 YESTERDAY
  MAXIMUM         77    311 PM  88    2012  66     11       57
  MINIMUM         64    556 AM  27    1986  46     18       44
  AVERAGE         71                        56     15       51

PRECIPITATION (IN)
  YESTERDAY        0.71                      0.11   0.60     0.29
  MONTH TO DATE    0.71                      0.33   0.38     0.67
  SINCE MAR 1      9.10                      6.75   2.35     9.18
  SINCE JAN 1     14.62                     11.81   2.81    16.64

SNOWFALL (IN)
  YESTERDAY        0.0                       0.1   -0.1      0.0
  MONTH TO DATE    0.0                       0.1   -0.1      0.0
  SINCE MAR 1     15.7                      16.0   -0.3     12.1
  SINCE JUL 1     52.8                      68.2  -15.4     37.3
  SNOW DEPTH       0

DEGREE DAYS
 HEATING
  YESTERDAY        0                        10    -10       14
  MONTH TO DATE    0                        30    -30       29
  SINCE MAR 1   1575                      1324    251     1073
  SINCE JUL 1   5562                      5541     21     4384

 COOLING
  YESTERDAY        6                         1      5        0
  MONTH TO DATE   18                         3     15        0
  SINCE MAR 1     18                        14      4       31
  SINCE JAN 1     21                        14      7       31
..................................................................


WIND (MPH)
  HIGHEST WIND SPEED    24   HIGHEST WIND DIRECTION    SW (230)
  HIGHEST GUST SPEED    32   HIGHEST GUST DIRECTION     W (250)
  AVERAGE WIND SPEED    10.4


SKY COVER
  POSSIBLE SUNSHINE  MM
  AVERAGE SKY COVER 1.0


WEATHER CONDITIONS
 THE FOLLOWING WEATHER WAS RECORDED YESTERDAY.
  THUNDERSTORM
  HEAVY RAIN
  RAIN
  LIGHT RAIN
  FOG
  HAZE


RELATIVE HUMIDITY (PERCENT)
 HIGHEST    87           200 AM
 LOWEST     58          1200 AM
 AVERAGE    73

..........................................................


THE CLEVELAND OH CLIMATE NORMALS FOR TODAY
                         NORMAL    RECORD    YEAR
 MAXIMUM TEMPERATURE (F)   66        88      1949
 MINIMUM TEMPERATURE (F)   46        28      1971
                                             1961


SUNRISE AND SUNSET
MAY  4 2018...........SUNRISE   621 AM EDT   SUNSET   828 PM EDT
MAY  5 2018...........SUNRISE   620 AM EDT   SUNSET   829 PM EDT


-  INDICATES NEGATIVE NUMBERS.
R  INDICATES RECORD WAS SET OR TIED.
MM INDICATES DATA IS MISSING.
T  INDICATES TRACE AMOUNT.




$$
