506
CDUS41 KCLE 130543
CLICLE


CLIMATE REPORT
NATIONAL WEATHER SERVICE CLEVELAND OH
142 AM EDT FRI APR 13 2018


...................................

...THE CLEVELAND OH CLIMATE SUMMARY FOR APRIL 12 2018...

CLIMATE NORMAL PERIOD 1981 TO 2010
CLIMATE RECORD PERIOD 1871 TO 2018


WEATHER ITEM   OBSERVED TIME   RECORD YEAR NORMAL DEPARTURE LAST
                VALUE   (LST)  VALUE       VALUE  FROM      YEAR
                                                  NORMAL
..................................................................
TEMPERATURE (F)
 YESTERDAY
  MAXIMUM         78    418 PM  82    2001  58     20       58
                                      1977
                                      1896
  MINIMUM         45   1211 AM  20    1939  39      6       47
  AVERAGE         62                        48     14       53

PRECIPITATION (IN)
  YESTERDAY        0.06                      0.13  -0.07     0.00
  MONTH TO DATE    1.48                      1.47   0.01     1.61
  SINCE MAR 1      5.49                      4.40   1.09     5.63
  SINCE JAN 1     11.01                      9.46   1.55    13.09

SNOWFALL (IN)
  YESTERDAY        0.0                       0.1   -0.1      0.0
  MONTH TO DATE    1.9                       2.2   -0.3      2.8
  SINCE MAR 1     14.6                      14.8   -0.2     12.1
  SINCE JUL 1     51.7                      67.0  -15.3     37.3
  SNOW DEPTH       0

DEGREE DAYS
 HEATING
  YESTERDAY        3                        17    -14       12
  MONTH TO DATE  294                       226     68      149
  SINCE MAR 1   1238                      1052    186      940
  SINCE JUL 1   5225                      5269    -44     4251

 COOLING
  YESTERDAY        0                         0      0        0
  MONTH TO DATE    0                         0      0        6
  SINCE MAR 1      0                         1     -1        6
  SINCE JAN 1      3                         1      2        6
..................................................................


WIND (MPH)
  HIGHEST WIND SPEED    35   HIGHEST WIND DIRECTION    SW (240)
  HIGHEST GUST SPEED    47   HIGHEST GUST DIRECTION     W (250)
  AVERAGE WIND SPEED    15.5


SKY COVER
  POSSIBLE SUNSHINE  MM
  AVERAGE SKY COVER 0.9


WEATHER CONDITIONS
 THE FOLLOWING WEATHER WAS RECORDED YESTERDAY.
  LIGHT RAIN


RELATIVE HUMIDITY (PERCENT)
 HIGHEST    86           700 AM
 LOWEST     32           300 PM
 AVERAGE    59

..........................................................


THE CLEVELAND OH CLIMATE NORMALS FOR TODAY
                         NORMAL    RECORD    YEAR
 MAXIMUM TEMPERATURE (F)   58        83      1941
 MINIMUM TEMPERATURE (F)   40        20      1950


SUNRISE AND SUNSET
APRIL 13 2018.........SUNRISE   651 AM EDT   SUNSET   806 PM EDT
APRIL 14 2018.........SUNRISE   649 AM EDT   SUNSET   807 PM EDT


-  INDICATES NEGATIVE NUMBERS.
R  INDICATES RECORD WAS SET OR TIED.
MM INDICATES DATA IS MISSING.
T  INDICATES TRACE AMOUNT.




$$
