842
CDUS41 KCLE 171529
CLICLE


CLIMATE REPORT
NATIONAL WEATHER SERVICE CLEVELAND OH
1127 AM EDT TUE APR 17 2018


...................................

...THE CLEVELAND OH CLIMATE SUMMARY FOR APRIL 16 2018...

CLIMATE NORMAL PERIOD 1981 TO 2010
CLIMATE RECORD PERIOD 1871 TO 2018


WEATHER ITEM   OBSERVED TIME   RECORD YEAR NORMAL DEPARTURE LAST
                VALUE   (LST)  VALUE       VALUE  FROM      YEAR
                                                  NORMAL
..................................................................
TEMPERATURE (F)
 YESTERDAY
  MAXIMUM         44    137 AM  85    2002  59    -15       80
  MINIMUM         33   1159 PM  18    1875  41     -8       62
  AVERAGE         39                        50    -11       71

PRECIPITATION (IN)
  YESTERDAY        0.04                      0.12  -0.08     0.00
  MONTH TO DATE    3.75                      1.95   1.80     1.63
  SINCE MAR 1      7.76                      4.88   2.88     5.65
  SINCE JAN 1     13.28                      9.94   3.34    13.11

SNOWFALL (IN)
  YESTERDAY        T                         0.1   -0.1      0.0
  MONTH TO DATE    1.9                       2.7   -0.8      2.8
  SINCE MAR 1     14.6                      15.3   -0.7     12.1
  SINCE JUL 1     51.7                      67.5  -15.8     37.3
  SNOW DEPTH       0

DEGREE DAYS
 HEATING
  YESTERDAY       26                        15     11        0
  MONTH TO DATE  360                       289     71      172
  SINCE MAR 1   1304                      1115    189      963
  SINCE JUL 1   5291                      5332    -41     4274

 COOLING
  YESTERDAY        0                         0      0        6
  MONTH TO DATE    0                         0      0       16
  SINCE MAR 1      0                         1     -1       16
  SINCE JAN 1      3                         1      2       16
..................................................................


WIND (MPH)
  HIGHEST WIND SPEED    26   HIGHEST WIND DIRECTION     W (260)
  HIGHEST GUST SPEED    35   HIGHEST GUST DIRECTION     W (260)
  AVERAGE WIND SPEED    17.4


SKY COVER
  POSSIBLE SUNSHINE  MM
  AVERAGE SKY COVER 1.0


WEATHER CONDITIONS
 THE FOLLOWING WEATHER WAS RECORDED YESTERDAY.
  LIGHT RAIN
  LIGHT SNOW


RELATIVE HUMIDITY (PERCENT)
 HIGHEST    92          1200 AM
 LOWEST     70           400 PM
 AVERAGE    81

..........................................................


THE CLEVELAND OH CLIMATE NORMALS FOR TODAY
                         NORMAL    RECORD    YEAR
 MAXIMUM TEMPERATURE (F)   60        84      1896
 MINIMUM TEMPERATURE (F)   41        15      1875


SUNRISE AND SUNSET
APRIL 17 2018.........SUNRISE   645 AM EDT   SUNSET   810 PM EDT
APRIL 18 2018.........SUNRISE   643 AM EDT   SUNSET   811 PM EDT


-  INDICATES NEGATIVE NUMBERS.
R  INDICATES RECORD WAS SET OR TIED.
MM INDICATES DATA IS MISSING.
T  INDICATES TRACE AMOUNT.




$$
