000
CDUS41 KCLE 240527
CLICLE


CLIMATE REPORT
NATIONAL WEATHER SERVICE CLEVELAND OH
127 AM EDT TUE APR 24 2018


...................................

...THE CLEVELAND OH CLIMATE SUMMARY FOR APRIL 23 2018...

CLIMATE NORMAL PERIOD 1981 TO 2010
CLIMATE RECORD PERIOD 1871 TO 2018


WEATHER ITEM   OBSERVED TIME   RECORD YEAR NORMAL DEPARTURE LAST
                VALUE   (LST)  VALUE       VALUE  FROM      YEAR
                                                  NORMAL
..................................................................
TEMPERATURE (F)
 YESTERDAY
  MAXIMUM         77    229 PM  86    1985  62     15       64
  MINIMUM         48    103 AM  27    1994  43      5       36
                                      1986
                                      1875
  AVERAGE         63                        52     11       50

PRECIPITATION (IN)
  YESTERDAY        T                         0.11  -0.11     0.00
  MONTH TO DATE    3.86                      2.75   1.11     4.03
  SINCE MAR 1      7.87                      5.68   2.19     8.05
  SINCE JAN 1     13.39                     10.74   2.65    15.51

SNOWFALL (IN)
  YESTERDAY        0.0                       0.0    0.0      0.0
  MONTH TO DATE    3.3                       3.1    0.2      2.8
  SINCE MAR 1     16.0                      15.7    0.3     12.1
  SINCE JUL 1     53.1                      67.9  -14.8     37.3
  SNOW DEPTH       0

DEGREE DAYS
 HEATING
  YESTERDAY        2                        13    -11       15
  MONTH TO DATE  512                       387    125      226
  SINCE MAR 1   1456                      1213    243     1017
  SINCE JUL 1   5443                      5430     13     4328

 COOLING
  YESTERDAY        0                         1     -1        0
  MONTH TO DATE    0                         3     -3       21
  SINCE MAR 1      0                         4     -4       21
  SINCE JAN 1      3                         4     -1       21
..................................................................


WIND (MPH)
  HIGHEST WIND SPEED    22   HIGHEST WIND DIRECTION    SW (230)
  HIGHEST GUST SPEED    29   HIGHEST GUST DIRECTION    SE (150)
  AVERAGE WIND SPEED    10.3


SKY COVER
  POSSIBLE SUNSHINE  MM
  AVERAGE SKY COVER 0.7


WEATHER CONDITIONS
 THE FOLLOWING WEATHER WAS RECORDED YESTERDAY.
  LIGHT RAIN


RELATIVE HUMIDITY (PERCENT)
 HIGHEST    67          1100 PM
 LOWEST     27           200 PM
 AVERAGE    47

..........................................................


THE CLEVELAND OH CLIMATE NORMALS FOR TODAY
                         NORMAL    RECORD    YEAR
 MAXIMUM TEMPERATURE (F)   63        88      1925
 MINIMUM TEMPERATURE (F)   43        27      2015


SUNRISE AND SUNSET
APRIL 24 2018.........SUNRISE   634 AM EDT   SUNSET   817 PM EDT
APRIL 25 2018.........SUNRISE   633 AM EDT   SUNSET   819 PM EDT


-  INDICATES NEGATIVE NUMBERS.
R  INDICATES RECORD WAS SET OR TIED.
MM INDICATES DATA IS MISSING.
T  INDICATES TRACE AMOUNT.




$$
