000
CDUS41 KCLE 160545
CLICLE


CLIMATE REPORT
NATIONAL WEATHER SERVICE CLEVELAND OH
145 AM EDT MON APR 16 2018


...................................

...THE CLEVELAND OH CLIMATE SUMMARY FOR APRIL 15 2018...

CLIMATE NORMAL PERIOD 1981 TO 2010
CLIMATE RECORD PERIOD 1871 TO 2018


WEATHER ITEM   OBSERVED TIME   RECORD YEAR NORMAL DEPARTURE LAST
                VALUE   (LST)  VALUE       VALUE  FROM      YEAR
                                                  NORMAL
..................................................................
TEMPERATURE (F)
 YESTERDAY
  MAXIMUM         61    426 PM  84    2010  59      2       83
  MINIMUM         36    507 AM  22    1935  40     -4       54
  AVERAGE         49                        50     -1       69

PRECIPITATION (IN)
  YESTERDAY        1.97                      0.12   1.85     0.02
  MONTH TO DATE    3.71                      1.83   1.88     1.63
  SINCE MAR 1      7.72                      4.76   2.96     5.65
  SINCE JAN 1     13.24                      9.82   3.42    13.11

SNOWFALL (IN)
  YESTERDAY        0.0                       0.1   -0.1      0.0
  MONTH TO DATE    1.9                       2.6   -0.7      2.8
  SINCE MAR 1     14.6                      15.2   -0.6     12.1
  SINCE JUL 1     51.7                      67.4  -15.7     37.3
  SNOW DEPTH       0

DEGREE DAYS
 HEATING
  YESTERDAY       16                        16      0        0
  MONTH TO DATE  334                       274     60      172
  SINCE MAR 1   1278                      1100    178      963
  SINCE JUL 1   5265                      5317    -52     4274

 COOLING
  YESTERDAY        0                         0      0        4
  MONTH TO DATE    0                         0      0       10
  SINCE MAR 1      0                         1     -1       10
  SINCE JAN 1      3                         1      2       10
..................................................................


WIND (MPH)
  HIGHEST WIND SPEED    21   HIGHEST WIND DIRECTION     W (250)
  HIGHEST GUST SPEED    25   HIGHEST GUST DIRECTION     W (250)
  AVERAGE WIND SPEED     8.6


SKY COVER
  POSSIBLE SUNSHINE  MM
  AVERAGE SKY COVER 1.0


WEATHER CONDITIONS
 THE FOLLOWING WEATHER WAS RECORDED YESTERDAY.
  HEAVY RAIN
  RAIN
  LIGHT RAIN
  FOG


RELATIVE HUMIDITY (PERCENT)
 HIGHEST   100           500 AM
 LOWEST     89           900 AM
 AVERAGE    95

..........................................................


THE CLEVELAND OH CLIMATE NORMALS FOR TODAY
                         NORMAL    RECORD    YEAR
 MAXIMUM TEMPERATURE (F)   59        85      2002
 MINIMUM TEMPERATURE (F)   41        18      1875


SUNRISE AND SUNSET
APRIL 16 2018.........SUNRISE   646 AM EDT   SUNSET   809 PM EDT
APRIL 17 2018.........SUNRISE   645 AM EDT   SUNSET   810 PM EDT


-  INDICATES NEGATIVE NUMBERS.
R  INDICATES RECORD WAS SET OR TIED.
MM INDICATES DATA IS MISSING.
T  INDICATES TRACE AMOUNT.




$$
