000
CDUS41 KCLE 240545
CLICLE


CLIMATE REPORT
NATIONAL WEATHER SERVICE CLEVELAND OH
145 AM EDT THU MAY 24 2018


...................................

...THE CLEVELAND OH CLIMATE SUMMARY FOR MAY 23 2018...

CLIMATE NORMAL PERIOD 1981 TO 2010
CLIMATE RECORD PERIOD 1871 TO 2018


WEATHER ITEM   OBSERVED TIME   RECORD YEAR NORMAL DEPARTURE LAST
                VALUE   (LST)  VALUE       VALUE  FROM      YEAR
                                                  NORMAL
..................................................................
TEMPERATURE (F)
 YESTERDAY
  MAXIMUM         76    455 PM  90    1991  72      4       77
  MINIMUM         54    616 AM  34    1961  52      2       52
  AVERAGE         65                        62      3       65

PRECIPITATION (IN)
  YESTERDAY        T                         0.13  -0.13     0.00
  MONTH TO DATE    5.55                      2.67   2.88     2.94
  SINCE MAR 1     13.94                      9.09   4.85    11.45
  SINCE JAN 1     19.46                     14.15   5.31    18.91

SNOWFALL (IN)
  YESTERDAY        0.0                       0.0    0.0      0.0
  MONTH TO DATE    0.0                       0.1   -0.1      0.0
  SINCE MAR 1     16.0                      16.0    0.0     12.1
  SINCE JUL 1     53.1                      68.2  -15.1     37.3
  SNOW DEPTH       0

DEGREE DAYS
 HEATING
  YESTERDAY        0                         5     -5        0
  MONTH TO DATE   60                       176   -116      190
  SINCE MAR 1   1635                      1470    165     1234
  SINCE JUL 1   5622                      5687    -65     4545

 COOLING
  YESTERDAY        0                         2     -2        0
  MONTH TO DATE   43                        30     13       39
  SINCE MAR 1     43                        41      2       70
  SINCE JAN 1     46                        41      5       70
..................................................................


WIND (MPH)
  HIGHEST WIND SPEED    12   HIGHEST WIND DIRECTION     N (350)
  HIGHEST GUST SPEED    15   HIGHEST GUST DIRECTION    NW (330)
  AVERAGE WIND SPEED     5.2


SKY COVER
  POSSIBLE SUNSHINE  MM
  AVERAGE SKY COVER 0.6


WEATHER CONDITIONS
 THE FOLLOWING WEATHER WAS RECORDED YESTERDAY.
  LIGHT RAIN
  FOG


RELATIVE HUMIDITY (PERCENT)
 HIGHEST    93           200 AM
 LOWEST     33           400 PM
 AVERAGE    63

..........................................................


THE CLEVELAND OH CLIMATE NORMALS FOR TODAY
                         NORMAL    RECORD    YEAR
 MAXIMUM TEMPERATURE (F)   72        89      1950
 MINIMUM TEMPERATURE (F)   53        32      1963


SUNRISE AND SUNSET
MAY 24 2018...........SUNRISE   601 AM EDT   SUNSET   848 PM EDT
MAY 25 2018...........SUNRISE   600 AM EDT   SUNSET   849 PM EDT


-  INDICATES NEGATIVE NUMBERS.
R  INDICATES RECORD WAS SET OR TIED.
MM INDICATES DATA IS MISSING.
T  INDICATES TRACE AMOUNT.




$$
