000
CDUS41 KCLE 120529
CLICLE


CLIMATE REPORT
NATIONAL WEATHER SERVICE CLEVELAND OH
128 AM EDT THU APR 12 2018


...................................

...THE CLEVELAND OH CLIMATE SUMMARY FOR APRIL 11 2018...

CLIMATE NORMAL PERIOD 1981 TO 2010
CLIMATE RECORD PERIOD 1871 TO 2018


WEATHER ITEM   OBSERVED TIME   RECORD YEAR NORMAL DEPARTURE LAST
                VALUE   (LST)  VALUE       VALUE  FROM      YEAR
                                                  NORMAL
..................................................................
TEMPERATURE (F)
 YESTERDAY
  MAXIMUM         59    346 PM  82    1945  57      2       71
                                      1930
  MINIMUM         33    548 AM  22    1882  39     -6       51
  AVERAGE         46                        48     -2       61

PRECIPITATION (IN)
  YESTERDAY        0.02                      0.13  -0.11     0.09
  MONTH TO DATE    1.42                      1.34   0.08     1.61
  SINCE MAR 1      5.43                      4.27   1.16     5.63
  SINCE JAN 1     10.95                      9.33   1.62    13.09

SNOWFALL (IN)
  YESTERDAY        T                         0.2   -0.2      0.0
  MONTH TO DATE    1.9                       2.1   -0.2      2.8
  SINCE MAR 1     14.6                      14.7   -0.1     12.1
  SINCE JUL 1     51.7                      66.9  -15.2     37.3
  SNOW DEPTH       0

DEGREE DAYS
 HEATING
  YESTERDAY       19                        17      2        4
  MONTH TO DATE  291                       209     82      137
  SINCE MAR 1   1235                      1035    200      928
  SINCE JUL 1   5222                      5252    -30     4239

 COOLING
  YESTERDAY        0                         0      0        0
  MONTH TO DATE    0                         0      0        6
  SINCE MAR 1      0                         1     -1        6
  SINCE JAN 1      3                         1      2        6
..................................................................


WIND (MPH)
  HIGHEST WIND SPEED    22   HIGHEST WIND DIRECTION    SW (240)
  HIGHEST GUST SPEED    28   HIGHEST GUST DIRECTION    SW (230)
  AVERAGE WIND SPEED     8.9


SKY COVER
  POSSIBLE SUNSHINE  MM
  AVERAGE SKY COVER 0.9


WEATHER CONDITIONS
 THE FOLLOWING WEATHER WAS RECORDED YESTERDAY.
  LIGHT RAIN


RELATIVE HUMIDITY (PERCENT)
 HIGHEST    76          1000 PM
 LOWEST     47           400 PM
 AVERAGE    62

..........................................................


THE CLEVELAND OH CLIMATE NORMALS FOR TODAY
                         NORMAL    RECORD    YEAR
 MAXIMUM TEMPERATURE (F)   58        82      2001
                                             1977
                                             1896
 MINIMUM TEMPERATURE (F)   39        20      1939


SUNRISE AND SUNSET
APRIL 12 2018.........SUNRISE   652 AM EDT   SUNSET   805 PM EDT
APRIL 13 2018.........SUNRISE   651 AM EDT   SUNSET   806 PM EDT


-  INDICATES NEGATIVE NUMBERS.
R  INDICATES RECORD WAS SET OR TIED.
MM INDICATES DATA IS MISSING.
T  INDICATES TRACE AMOUNT.




$$
