000
CDUS41 KCLE 260541
CLICLE


CLIMATE REPORT
NATIONAL WEATHER SERVICE CLEVELAND OH
140 AM EDT SAT MAY 26 2018


...................................

...THE CLEVELAND OH CLIMATE SUMMARY FOR MAY 25 2018...

CLIMATE NORMAL PERIOD 1981 TO 2010
CLIMATE RECORD PERIOD 1871 TO 2018


WEATHER ITEM   OBSERVED TIME   RECORD YEAR NORMAL DEPARTURE LAST
                VALUE   (LST)  VALUE       VALUE  FROM      YEAR
                                                  NORMAL
..................................................................
TEMPERATURE (F)
 YESTERDAY
  MAXIMUM         85    448 PM  90    2012  72     13       63
  MINIMUM         54    511 AM  33    2013  53      1       59
  AVERAGE         70                        63      7       61

PRECIPITATION (IN)
  YESTERDAY        0.00                      0.13  -0.13     1.05
  MONTH TO DATE    5.55                      2.92   2.63     4.44
  SINCE MAR 1     13.94                      9.34   4.60    12.95
  SINCE JAN 1     19.46                     14.40   5.06    20.41

SNOWFALL (IN)
  YESTERDAY        0.0                       0.0    0.0      0.0
  MONTH TO DATE    0.0                       0.1   -0.1      0.0
  SINCE MAR 1     16.0                      16.0    0.0     12.1
  SINCE JUL 1     53.1                      68.2  -15.1     37.3
  SNOW DEPTH       0

DEGREE DAYS
 HEATING
  YESTERDAY        0                         5     -5        4
  MONTH TO DATE   60                       186   -126      194
  SINCE MAR 1   1635                      1480    155     1238
  SINCE JUL 1   5622                      5697    -75     4549

 COOLING
  YESTERDAY        5                         2      3        0
  MONTH TO DATE   49                        34     15       39
  SINCE MAR 1     49                        45      4       70
  SINCE JAN 1     52                        45      7       70
..................................................................


WIND (MPH)
  HIGHEST WIND SPEED    14   HIGHEST WIND DIRECTION    SW (210)
  HIGHEST GUST SPEED    23   HIGHEST GUST DIRECTION     S (200)
  AVERAGE WIND SPEED     5.1


SKY COVER
  POSSIBLE SUNSHINE  MM
  AVERAGE SKY COVER 0.2


WEATHER CONDITIONS
 THE FOLLOWING WEATHER WAS RECORDED YESTERDAY.
  NO SIGNIFICANT WEATHER WAS OBSERVED.


RELATIVE HUMIDITY (PERCENT)
 HIGHEST    86           300 AM
 LOWEST     34           100 PM
 AVERAGE    60

..........................................................


THE CLEVELAND OH CLIMATE NORMALS FOR TODAY
                         NORMAL    RECORD    YEAR
 MAXIMUM TEMPERATURE (F)   73        89      1914
 MINIMUM TEMPERATURE (F)   53        34      1969


SUNRISE AND SUNSET
MAY 26 2018...........SUNRISE   600 AM EDT   SUNSET   850 PM EDT
MAY 27 2018...........SUNRISE   559 AM EDT   SUNSET   851 PM EDT


-  INDICATES NEGATIVE NUMBERS.
R  INDICATES RECORD WAS SET OR TIED.
MM INDICATES DATA IS MISSING.
T  INDICATES TRACE AMOUNT.




$$
