000
CDUS41 KCLE 052132
CLICLE


CLIMATE REPORT
NATIONAL WEATHER SERVICE CLEVELAND OH
531 PM EDT THU APR 5 2018


...................................

...THE CLEVELAND OH CLIMATE SUMMARY FOR APRIL 5 2018...
VALID TODAY AS OF 0500 PM LOCAL TIME.

CLIMATE NORMAL PERIOD 1981 TO 2010
CLIMATE RECORD PERIOD 1871 TO 2018


WEATHER ITEM   OBSERVED TIME   RECORD YEAR NORMAL DEPARTURE LAST
                VALUE   (LST)  VALUE       VALUE  FROM      YEAR
                                                  NORMAL
..................................................................
TEMPERATURE (F)
 TODAY
  MAXIMUM         43    203 PM  81    1988  55    -12       66
  MINIMUM         28    733 AM  16    1881  37     -9       43
  AVERAGE         36                        46    -10       55

PRECIPITATION (IN)
  TODAY            0.04                      0.11  -0.07     0.26
  MONTH TO DATE    1.31                      0.59   0.72     0.73
  SINCE MAR 1      5.32                      3.52   1.80     4.75
  SINCE JAN 1     10.84                      8.58   2.26    12.21

SNOWFALL (IN)
  TODAY            1.7                       0.2    1.5      0.0
  MONTH TO DATE    1.7                       1.1    0.6      0.0
  SINCE MAR 1     14.4                      13.7    0.7      9.3
  SINCE JUL 1     51.5                      65.9  -14.4     34.5
  SNOW DEPTH       2

DEGREE DAYS
 HEATING
  TODAY           29                        19     10       10
  MONTH TO DATE  118                       101     17       61
  SINCE MAR 1   1062                       927    135      852
  SINCE JUL 1   5049                      5144    -95     4163

 COOLING
  TODAY            0                         0      0        0
  MONTH TO DATE    0                         0      0        0
  SINCE MAR 1      0                         1     -1        0
  SINCE JAN 1      3                         1      2        0
..................................................................


WIND (MPH)
  HIGHEST WIND SPEED    21   HIGHEST WIND DIRECTION     W (250)
  HIGHEST GUST SPEED    25   HIGHEST GUST DIRECTION     W (250)


SKY COVER
  POSSIBLE SUNSHINE  MM
  AVERAGE SKY COVER 0.9


WEATHER CONDITIONS
 THE FOLLOWING WEATHER WAS RECORDED TODAY.
  LIGHT SNOW
  FOG


RELATIVE HUMIDITY (PERCENT)
 HIGHEST    85           400 AM
 LOWEST     45           300 PM
 AVERAGE    65

..........................................................


THE CLEVELAND OH CLIMATE NORMALS FOR TOMORROW
                         NORMAL    RECORD    YEAR
 MAXIMUM TEMPERATURE (F)   55        85      2010
 MINIMUM TEMPERATURE (F)   37        21      1982
                                             1968


SUNRISE AND SUNSET
APRIL  5 2018.........SUNRISE   704 AM EDT   SUNSET   757 PM EDT
APRIL  6 2018.........SUNRISE   702 AM EDT   SUNSET   758 PM EDT


-  INDICATES NEGATIVE NUMBERS.
R  INDICATES RECORD WAS SET OR TIED.
MM INDICATES DATA IS MISSING.
T  INDICATES TRACE AMOUNT.




$$
