000
CDUS41 KCLE 070533
CLICLE


CLIMATE REPORT
NATIONAL WEATHER SERVICE CLEVELAND OH
132 AM EDT SAT APR 7 2018


...................................

...THE CLEVELAND OH CLIMATE SUMMARY FOR APRIL 6 2018...

CLIMATE NORMAL PERIOD 1981 TO 2010
CLIMATE RECORD PERIOD 1871 TO 2018


WEATHER ITEM   OBSERVED TIME   RECORD YEAR NORMAL DEPARTURE LAST
                VALUE   (LST)  VALUE       VALUE  FROM      YEAR
                                                  NORMAL
..................................................................
TEMPERATURE (F)
 YESTERDAY
  MAXIMUM         47   1233 PM  85    2010  55     -8       59
  MINIMUM         31   1159 PM  21    1982  37     -6       35
                                      1968
  AVERAGE         39                        46     -7       47

PRECIPITATION (IN)
  YESTERDAY        0.08                      0.12  -0.04     0.57
  MONTH TO DATE    1.39                      0.71   0.68     1.30
  SINCE MAR 1      5.40                      3.64   1.76     5.32
  SINCE JAN 1     10.92                      8.70   2.22    12.78

SNOWFALL (IN)
  YESTERDAY        0.1                       0.2   -0.1      1.9
  MONTH TO DATE    1.8                       1.3    0.5      1.9
  SINCE MAR 1     14.5                      13.9    0.6     11.2
  SINCE JUL 1     51.6                      66.1  -14.5     36.4
  SNOW DEPTH       0

DEGREE DAYS
 HEATING
  YESTERDAY       26                        19      7       18
  MONTH TO DATE  144                       120     24       79
  SINCE MAR 1   1088                       946    142      870
  SINCE JUL 1   5075                      5163    -88     4181

 COOLING
  YESTERDAY        0                         0      0        0
  MONTH TO DATE    0                         0      0        0
  SINCE MAR 1      0                         1     -1        0
  SINCE JAN 1      3                         1      2        0
..................................................................


WIND (MPH)
  HIGHEST WIND SPEED    30   HIGHEST WIND DIRECTION    NW (300)
  HIGHEST GUST SPEED    39   HIGHEST GUST DIRECTION     W (270)
  AVERAGE WIND SPEED    16.4


SKY COVER
  POSSIBLE SUNSHINE  MM
  AVERAGE SKY COVER 1.0


WEATHER CONDITIONS
 THE FOLLOWING WEATHER WAS RECORDED YESTERDAY.
  LIGHT RAIN
  SNOW
  LIGHT SNOW
  FOG
  HAZE


RELATIVE HUMIDITY (PERCENT)
 HIGHEST    92           400 AM
 LOWEST     57           500 PM
 AVERAGE    75

..........................................................


THE CLEVELAND OH CLIMATE NORMALS FOR TODAY
                         NORMAL    RECORD    YEAR
 MAXIMUM TEMPERATURE (F)   56        83      1929
                                             1893
 MINIMUM TEMPERATURE (F)   38        17      1982


SUNRISE AND SUNSET
APRIL  7 2018.........SUNRISE   701 AM EDT   SUNSET   759 PM EDT
APRIL  8 2018.........SUNRISE   659 AM EDT   SUNSET   800 PM EDT


-  INDICATES NEGATIVE NUMBERS.
R  INDICATES RECORD WAS SET OR TIED.
MM INDICATES DATA IS MISSING.
T  INDICATES TRACE AMOUNT.




$$
