000
CDUS41 KCLE 110528
CLICLE


CLIMATE REPORT
NATIONAL WEATHER SERVICE CLEVELAND OH
127 AM EDT WED APR 11 2018


...................................

...THE CLEVELAND OH CLIMATE SUMMARY FOR APRIL 10 2018...

CLIMATE NORMAL PERIOD 1981 TO 2010
CLIMATE RECORD PERIOD 1871 TO 2018


WEATHER ITEM   OBSERVED TIME   RECORD YEAR NORMAL DEPARTURE LAST
                VALUE   (LST)  VALUE       VALUE  FROM      YEAR
                                                  NORMAL
..................................................................
TEMPERATURE (F)
 YESTERDAY
  MAXIMUM         45    218 PM  83    1978  57    -12       80
                                      1945
  MINIMUM         24    234 AM  20    1997  39    -15       61
  AVERAGE         35                        48    -13       71

PRECIPITATION (IN)
  YESTERDAY        0.00                      0.12  -0.12     0.00
  MONTH TO DATE    1.40                      1.21   0.19     1.52
  SINCE MAR 1      5.41                      4.14   1.27     5.54
  SINCE JAN 1     10.93                      9.20   1.73    13.00

SNOWFALL (IN)
  YESTERDAY        0.0                       0.1   -0.1      0.0
  MONTH TO DATE    1.9                       1.9    0.0      2.8
  SINCE MAR 1     14.6                      14.5    0.1     12.1
  SINCE JUL 1     51.7                      66.7  -15.0     37.3
  SNOW DEPTH       0

DEGREE DAYS
 HEATING
  YESTERDAY       30                        17     13        0
  MONTH TO DATE  272                       192     80      133
  SINCE MAR 1   1216                      1018    198      924
  SINCE JUL 1   5203                      5235    -32     4235

 COOLING
  YESTERDAY        0                         0      0        6
  MONTH TO DATE    0                         0      0        6
  SINCE MAR 1      0                         1     -1        6
  SINCE JAN 1      3                         1      2        6
..................................................................


WIND (MPH)
  HIGHEST WIND SPEED    14   HIGHEST WIND DIRECTION     W (290)
  HIGHEST GUST SPEED    18   HIGHEST GUST DIRECTION     S (200)
  AVERAGE WIND SPEED     5.9


SKY COVER
  POSSIBLE SUNSHINE  MM
  AVERAGE SKY COVER 0.7


WEATHER CONDITIONS
 THE FOLLOWING WEATHER WAS RECORDED YESTERDAY.
  NO SIGNIFICANT WEATHER WAS OBSERVED.


RELATIVE HUMIDITY (PERCENT)
 HIGHEST    88           300 AM
 LOWEST     45           500 PM
 AVERAGE    67

..........................................................


THE CLEVELAND OH CLIMATE NORMALS FOR TODAY
                         NORMAL    RECORD    YEAR
 MAXIMUM TEMPERATURE (F)   57        82      1945
                                             1930
 MINIMUM TEMPERATURE (F)   39        22      1882


SUNRISE AND SUNSET
APRIL 11 2018.........SUNRISE   654 AM EDT   SUNSET   803 PM EDT
APRIL 12 2018.........SUNRISE   652 AM EDT   SUNSET   805 PM EDT


-  INDICATES NEGATIVE NUMBERS.
R  INDICATES RECORD WAS SET OR TIED.
MM INDICATES DATA IS MISSING.
T  INDICATES TRACE AMOUNT.




$$
