000
CDUS41 KCLE 280620
CLICLE


CLIMATE REPORT
NATIONAL WEATHER SERVICE CLEVELAND OH
207 AM EDT SAT APR 28 2018


...................................

...THE CLEVELAND OH CLIMATE SUMMARY FOR APRIL 27 2018...

CLIMATE NORMAL PERIOD 1981 TO 2010
CLIMATE RECORD PERIOD 1871 TO 2018


WEATHER ITEM   OBSERVED TIME   RECORD YEAR NORMAL DEPARTURE LAST
                VALUE   (LST)  VALUE       VALUE  FROM      YEAR
                                                  NORMAL
..................................................................
TEMPERATURE (F)
 YESTERDAY
  MAXIMUM         69    324 PM  86    1990  64      5       81
                                      1957
  MINIMUM         41    334 AM  27    1971  44     -3       50
  AVERAGE         55                        54      1       66

PRECIPITATION (IN)
  YESTERDAY        0.04                      0.10  -0.06      T
  MONTH TO DATE    4.21                      3.17   1.04     4.03
  SINCE MAR 1      8.22                      6.10   2.12     8.05
  SINCE JAN 1     13.74                     11.16   2.58    15.51

SNOWFALL (IN)
  YESTERDAY        0.0                       0.0    0.0      0.0
  MONTH TO DATE    3.3                       3.2    0.1      2.8
  SINCE MAR 1     16.0                      15.8    0.2     12.1
  SINCE JUL 1     53.1                      68.0  -14.9     37.3
  SNOW DEPTH       0

DEGREE DAYS
 HEATING
  YESTERDAY       10                        12     -2        0
  MONTH TO DATE  569                       436    133      232
  SINCE MAR 1   1513                      1262    251     1023
  SINCE JUL 1   5500                      5479     21     4334

 COOLING
  YESTERDAY        0                         1     -1        1
  MONTH TO DATE    0                         7     -7       28
  SINCE MAR 1      0                         8     -8       28
  SINCE JAN 1      3                         8     -5       28
..................................................................


WIND (MPH)
  HIGHEST WIND SPEED    30   HIGHEST WIND DIRECTION    NW (300)
  HIGHEST GUST SPEED    40   HIGHEST GUST DIRECTION    NW (300)
  AVERAGE WIND SPEED     7.6


SKY COVER
  POSSIBLE SUNSHINE  MM
  AVERAGE SKY COVER 0.7


WEATHER CONDITIONS
 THE FOLLOWING WEATHER WAS RECORDED YESTERDAY.
  LIGHT RAIN


RELATIVE HUMIDITY (PERCENT)
 HIGHEST    82          1100 PM
 LOWEST     31           300 PM
 AVERAGE    57

..........................................................


THE CLEVELAND OH CLIMATE NORMALS FOR TODAY
                         NORMAL    RECORD    YEAR
 MAXIMUM TEMPERATURE (F)   64        88      1986
 MINIMUM TEMPERATURE (F)   45        25      1947


SUNRISE AND SUNSET
APRIL 28 2018.........SUNRISE   629 AM EDT   SUNSET   822 PM EDT
APRIL 29 2018.........SUNRISE   627 AM EDT   SUNSET   823 PM EDT


-  INDICATES NEGATIVE NUMBERS.
R  INDICATES RECORD WAS SET OR TIED.
MM INDICATES DATA IS MISSING.
T  INDICATES TRACE AMOUNT.




$$
