651
CDUS41 KCLE 190537
CLICLE


CLIMATE REPORT
NATIONAL WEATHER SERVICE CLEVELAND OH
125 AM EDT SAT MAY 19 2018


...................................

...THE CLEVELAND OH CLIMATE SUMMARY FOR MAY 18 2018...

CLIMATE NORMAL PERIOD 1981 TO 2010
CLIMATE RECORD PERIOD 1871 TO 2018


WEATHER ITEM   OBSERVED TIME   RECORD YEAR NORMAL DEPARTURE LAST
                VALUE   (LST)  VALUE       VALUE  FROM      YEAR
                                                  NORMAL
..................................................................
TEMPERATURE (F)
 YESTERDAY
  MAXIMUM         77    628 PM  91    1962  70      7       89
  MINIMUM         56    554 AM  34    2009  51      5       71
  AVERAGE         67                        60      7       80

PRECIPITATION (IN)
  YESTERDAY        T                         0.12  -0.12      T
  MONTH TO DATE    2.66                      2.05   0.61     2.52
  SINCE MAR 1     11.05                      8.47   2.58    11.03
  SINCE JAN 1     16.57                     13.53   3.04    18.49

SNOWFALL (IN)
  YESTERDAY        0.0                       0.0    0.0      0.0
  MONTH TO DATE    0.0                       0.1   -0.1      0.0
  SINCE MAR 1     16.0                      16.0    0.0     12.1
  SINCE JUL 1     53.1                      68.2  -15.1     37.3
  SNOW DEPTH       0

DEGREE DAYS
 HEATING
  YESTERDAY        0                         6     -6        0
  MONTH TO DATE   54                       148    -94      184
  SINCE MAR 1   1629                      1442    187     1228
  SINCE JUL 1   5616                      5659    -43     4539

 COOLING
  YESTERDAY        2                         2      0       15
  MONTH TO DATE   31                        20     11       33
  SINCE MAR 1     31                        31      0       64
  SINCE JAN 1     34                        31      3       64
..................................................................


WIND (MPH)
  HIGHEST WIND SPEED    23   HIGHEST WIND DIRECTION    SE (130)
  HIGHEST GUST SPEED    32   HIGHEST GUST DIRECTION    SE (120)
  AVERAGE WIND SPEED    10.8


SKY COVER
  POSSIBLE SUNSHINE  MM
  AVERAGE SKY COVER 0.9


WEATHER CONDITIONS
 THE FOLLOWING WEATHER WAS RECORDED YESTERDAY.
  LIGHT RAIN


RELATIVE HUMIDITY (PERCENT)
 HIGHEST    86          1200 AM
 LOWEST     49           700 PM
 AVERAGE    68

..........................................................


THE CLEVELAND OH CLIMATE NORMALS FOR TODAY
                         NORMAL    RECORD    YEAR
 MAXIMUM TEMPERATURE (F)   70        88      1998
                                             1996
                                             1911
 MINIMUM TEMPERATURE (F)   51        33      1976


SUNRISE AND SUNSET
MAY 19 2018...........SUNRISE   605 AM EDT   SUNSET   843 PM EDT
MAY 20 2018...........SUNRISE   604 AM EDT   SUNSET   844 PM EDT


-  INDICATES NEGATIVE NUMBERS.
R  INDICATES RECORD WAS SET OR TIED.
MM INDICATES DATA IS MISSING.
T  INDICATES TRACE AMOUNT.




$$
