000
CDUS41 KCLE 210545
CLICLE


CLIMATE REPORT
NATIONAL WEATHER SERVICE CLEVELAND OH
145 AM EDT SAT APR 21 2018


...................................

...THE CLEVELAND OH CLIMATE SUMMARY FOR APRIL 20 2018...

CLIMATE NORMAL PERIOD 1981 TO 2010
CLIMATE RECORD PERIOD 1871 TO 2018


WEATHER ITEM   OBSERVED TIME   RECORD YEAR NORMAL DEPARTURE LAST
                VALUE   (LST)  VALUE       VALUE  FROM      YEAR
                                                  NORMAL
..................................................................
TEMPERATURE (F)
 YESTERDAY
  MAXIMUM         50    422 PM  83    1985  61    -11       82
  MINIMUM         28    204 AM  23    1904  42    -14       54
  AVERAGE         39                        52    -13       68

PRECIPITATION (IN)
  YESTERDAY        0.00                      0.11  -0.11     0.48
  MONTH TO DATE    3.86                      2.41   1.45     4.03
  SINCE MAR 1      7.87                      5.34   2.53     8.05
  SINCE JAN 1     13.39                     10.40   2.99    15.51

SNOWFALL (IN)
  YESTERDAY        0.0                       0.0    0.0      0.0
  MONTH TO DATE    3.3                       3.0    0.3      2.8
  SINCE MAR 1     16.0                      15.6    0.4     12.1
  SINCE JUL 1     53.1                      67.8  -14.7     37.3
  SNOW DEPTH       0

DEGREE DAYS
 HEATING
  YESTERDAY       26                        14     12        0
  MONTH TO DATE  467                       347    120      185
  SINCE MAR 1   1411                      1173    238      976
  SINCE JUL 1   5398                      5390      8     4287

 COOLING
  YESTERDAY        0                         0      0        3
  MONTH TO DATE    0                         0      0       21
  SINCE MAR 1      0                         1     -1       21
  SINCE JAN 1      3                         1      2       21
..................................................................


WIND (MPH)
  HIGHEST WIND SPEED    17   HIGHEST WIND DIRECTION    NW (330)
  HIGHEST GUST SPEED    21   HIGHEST GUST DIRECTION    NW (330)
  AVERAGE WIND SPEED     6.7


SKY COVER
  POSSIBLE SUNSHINE  MM
  AVERAGE SKY COVER 0.0


WEATHER CONDITIONS
 THE FOLLOWING WEATHER WAS RECORDED YESTERDAY.
  NO SIGNIFICANT WEATHER WAS OBSERVED.


RELATIVE HUMIDITY (PERCENT)
 HIGHEST    85           300 AM
 LOWEST     34          1200 PM
 AVERAGE    60

..........................................................


THE CLEVELAND OH CLIMATE NORMALS FOR TODAY
                         NORMAL    RECORD    YEAR
 MAXIMUM TEMPERATURE (F)   61        86      1952
 MINIMUM TEMPERATURE (F)   42        24      1875


SUNRISE AND SUNSET
APRIL 21 2018.........SUNRISE   639 AM EDT   SUNSET   814 PM EDT
APRIL 22 2018.........SUNRISE   637 AM EDT   SUNSET   815 PM EDT


-  INDICATES NEGATIVE NUMBERS.
R  INDICATES RECORD WAS SET OR TIED.
MM INDICATES DATA IS MISSING.
T  INDICATES TRACE AMOUNT.




$$
