000
CDUS41 KCLE 190614
CLICLE


CLIMATE REPORT
NATIONAL WEATHER SERVICE CLEVELAND OH
213 AM EDT THU APR 19 2018


...................................

...THE CLEVELAND OH CLIMATE SUMMARY FOR APRIL 18 2018...

CLIMATE NORMAL PERIOD 1981 TO 2010
CLIMATE RECORD PERIOD 1871 TO 2018


WEATHER ITEM   OBSERVED TIME   RECORD YEAR NORMAL DEPARTURE LAST
                VALUE   (LST)  VALUE       VALUE  FROM      YEAR
                                                  NORMAL
..................................................................
TEMPERATURE (F)
 YESTERDAY
  MAXIMUM         46    129 PM  85    1896  60    -14       72
  MINIMUM         33    743 AM  17    1875  41     -8       46
  AVERAGE         40                        51    -11       59

PRECIPITATION (IN)
  YESTERDAY        0.02                      0.11  -0.09     0.00
  MONTH TO DATE    3.78                      2.18   1.60     1.63
  SINCE MAR 1      7.79                      5.11   2.68     5.65
  SINCE JAN 1     13.31                     10.17   3.14    13.11

SNOWFALL (IN)
  YESTERDAY        T                         0.1   -0.1      0.0
  MONTH TO DATE    2.2                       2.9   -0.7      2.8
  SINCE MAR 1     14.9                      15.5   -0.6     12.1
  SINCE JUL 1     52.0                      67.7  -15.7     37.3
  SNOW DEPTH       0

DEGREE DAYS
 HEATING
  YESTERDAY       25                        15     10        6
  MONTH TO DATE  416                       319     97      185
  SINCE MAR 1   1360                      1145    215      976
  SINCE JUL 1   5347                      5362    -15     4287

 COOLING
  YESTERDAY        0                         0      0        0
  MONTH TO DATE    0                         0      0       16
  SINCE MAR 1      0                         1     -1       16
  SINCE JAN 1      3                         1      2       16
..................................................................


WIND (MPH)
  HIGHEST WIND SPEED    23   HIGHEST WIND DIRECTION    NE (40)
  HIGHEST GUST SPEED    27   HIGHEST GUST DIRECTION    NE (30)
  AVERAGE WIND SPEED     9.6


SKY COVER
  POSSIBLE SUNSHINE  MM
  AVERAGE SKY COVER 0.9


WEATHER CONDITIONS
 THE FOLLOWING WEATHER WAS RECORDED YESTERDAY.
  LIGHT RAIN
  LIGHT SNOW


RELATIVE HUMIDITY (PERCENT)
 HIGHEST    76           900 PM
 LOWEST     53           100 PM
 AVERAGE    65

..........................................................


THE CLEVELAND OH CLIMATE NORMALS FOR TODAY
                         NORMAL    RECORD    YEAR
 MAXIMUM TEMPERATURE (F)   61        84      1958
 MINIMUM TEMPERATURE (F)   42        22      1887


SUNRISE AND SUNSET
APRIL 19 2018.........SUNRISE   642 AM EDT   SUNSET   812 PM EDT
APRIL 20 2018.........SUNRISE   640 AM EDT   SUNSET   813 PM EDT


-  INDICATES NEGATIVE NUMBERS.
R  INDICATES RECORD WAS SET OR TIED.
MM INDICATES DATA IS MISSING.
T  INDICATES TRACE AMOUNT.




$$
