000
CDUS41 KCLE 150545
CLICLE


CLIMATE REPORT
NATIONAL WEATHER SERVICE CLEVELAND OH
145 AM EDT SUN APR 15 2018


...................................

...THE CLEVELAND OH CLIMATE SUMMARY FOR APRIL 14 2018...

CLIMATE NORMAL PERIOD 1981 TO 2010
CLIMATE RECORD PERIOD 1871 TO 2018


WEATHER ITEM   OBSERVED TIME   RECORD YEAR NORMAL DEPARTURE LAST
                VALUE   (LST)  VALUE       VALUE  FROM      YEAR
                                                  NORMAL
..................................................................
TEMPERATURE (F)
 YESTERDAY
  MAXIMUM         51   1117 AM  85    1883  59     -8       66
  MINIMUM         36   1159 PM  20    1950  40     -4       46
  AVERAGE         44                        49     -5       56

PRECIPITATION (IN)
  YESTERDAY        0.26                      0.12   0.14     0.00
  MONTH TO DATE    1.74                      1.71   0.03     1.61
  SINCE MAR 1      5.75                      4.64   1.11     5.63
  SINCE JAN 1     11.27                      9.70   1.57    13.09

SNOWFALL (IN)
  YESTERDAY       MM                         0.1   MM        0.0
  MONTH TO DATE    1.9                       2.5   -0.6      2.8
  SINCE MAR 1     14.6                      15.1   -0.5     12.1
  SINCE JUL 1     51.7                      67.3  -15.6     37.3
  SNOW DEPTH       0

DEGREE DAYS
 HEATING
  YESTERDAY       21                        16      5        9
  MONTH TO DATE  318                       258     60      172
  SINCE MAR 1   1262                      1084    178      963
  SINCE JUL 1   5249                      5301    -52     4274

 COOLING
  YESTERDAY        0                         0      0        0
  MONTH TO DATE    0                         0      0        6
  SINCE MAR 1      0                         1     -1        6
  SINCE JAN 1      3                         1      2        6
..................................................................


WIND (MPH)
  HIGHEST WIND SPEED    32   HIGHEST WIND DIRECTION    NE (40)
  HIGHEST GUST SPEED    39   HIGHEST GUST DIRECTION    NE (40)
  AVERAGE WIND SPEED    11.1


SKY COVER
  POSSIBLE SUNSHINE  MM
  AVERAGE SKY COVER 0.9


WEATHER CONDITIONS
 THE FOLLOWING WEATHER WAS RECORDED YESTERDAY.
  RAIN
  LIGHT RAIN
  FOG


RELATIVE HUMIDITY (PERCENT)
 HIGHEST    92           500 PM
 LOWEST     71          1100 AM
 AVERAGE    82

..........................................................


THE CLEVELAND OH CLIMATE NORMALS FOR TODAY
                         NORMAL    RECORD    YEAR
 MAXIMUM TEMPERATURE (F)   59        84      2010
 MINIMUM TEMPERATURE (F)   40        22      1935


SUNRISE AND SUNSET
APRIL 15 2018.........SUNRISE   648 AM EDT   SUNSET   808 PM EDT
APRIL 16 2018.........SUNRISE   646 AM EDT   SUNSET   809 PM EDT


-  INDICATES NEGATIVE NUMBERS.
R  INDICATES RECORD WAS SET OR TIED.
MM INDICATES DATA IS MISSING.
T  INDICATES TRACE AMOUNT.




$$
