000
CDUS41 KCLE 160530
CLICLE


CLIMATE REPORT
NATIONAL WEATHER SERVICE CLEVELAND OH
130 AM EDT WED MAY 16 2018


...................................

...THE CLEVELAND OH CLIMATE SUMMARY FOR MAY 15 2018...

CLIMATE NORMAL PERIOD 1981 TO 2010
CLIMATE RECORD PERIOD 1871 TO 2018


WEATHER ITEM   OBSERVED TIME   RECORD YEAR NORMAL DEPARTURE LAST
                VALUE   (LST)  VALUE       VALUE  FROM      YEAR
                                                  NORMAL
..................................................................
TEMPERATURE (F)
 YESTERDAY
  MAXIMUM         77   1213 PM  89    1962  69      8       68
  MINIMUM         58   1151 PM  35    1977  50      8       40
                                      1964
  AVERAGE         68                        60      8       54

PRECIPITATION (IN)
  YESTERDAY        0.22                      0.12   0.10     0.00
  MONTH TO DATE    2.66                      1.69   0.97     2.52
  SINCE MAR 1     11.05                      8.11   2.94    11.03
  SINCE JAN 1     16.57                     13.17   3.40    18.49

SNOWFALL (IN)
  YESTERDAY        0.0                       0.0    0.0      0.0
  MONTH TO DATE    0.0                       0.1   -0.1      0.0
  SINCE MAR 1     16.0                      16.0    0.0     12.1
  SINCE JUL 1     53.1                      68.2  -15.1     37.3
  SNOW DEPTH       0

DEGREE DAYS
 HEATING
  YESTERDAY        0                         7     -7       11
  MONTH TO DATE   53                       129    -76      184
  SINCE MAR 1   1628                      1423    205     1228
  SINCE JUL 1   5615                      5640    -25     4539

 COOLING
  YESTERDAY        3                         1      2        0
  MONTH TO DATE   29                        15     14        0
  SINCE MAR 1     29                        26      3       31
  SINCE JAN 1     32                        26      6       31
..................................................................


WIND (MPH)
  HIGHEST WIND SPEED    21   HIGHEST WIND DIRECTION     N (340)
  HIGHEST GUST SPEED    29   HIGHEST GUST DIRECTION     W (260)
  AVERAGE WIND SPEED     8.8


SKY COVER
  POSSIBLE SUNSHINE  MM
  AVERAGE SKY COVER 0.8


WEATHER CONDITIONS
 THE FOLLOWING WEATHER WAS RECORDED YESTERDAY.
  THUNDERSTORM
  LIGHT RAIN
  FOG


RELATIVE HUMIDITY (PERCENT)
 HIGHEST    93           700 AM
 LOWEST     63           900 PM
 AVERAGE    78

..........................................................


THE CLEVELAND OH CLIMATE NORMALS FOR TODAY
                         NORMAL    RECORD    YEAR
 MAXIMUM TEMPERATURE (F)   70        89      1991
 MINIMUM TEMPERATURE (F)   50        29      1984


SUNRISE AND SUNSET
MAY 16 2018...........SUNRISE   608 AM EDT   SUNSET   841 PM EDT
MAY 17 2018...........SUNRISE   607 AM EDT   SUNSET   842 PM EDT


-  INDICATES NEGATIVE NUMBERS.
R  INDICATES RECORD WAS SET OR TIED.
MM INDICATES DATA IS MISSING.
T  INDICATES TRACE AMOUNT.




$$
