000
CDUS41 KCLE 090530
CLICLE


CLIMATE REPORT
NATIONAL WEATHER SERVICE CLEVELAND OH
128 AM EDT MON APR 9 2018


...................................

...THE CLEVELAND OH CLIMATE SUMMARY FOR APRIL 8 2018...

CLIMATE NORMAL PERIOD 1981 TO 2010
CLIMATE RECORD PERIOD 1871 TO 2018


WEATHER ITEM   OBSERVED TIME   RECORD YEAR NORMAL DEPARTURE LAST
                VALUE   (LST)  VALUE       VALUE  FROM      YEAR
                                                  NORMAL
..................................................................
TEMPERATURE (F)
 YESTERDAY
  MAXIMUM         37    345 PM  80    2001  56    -19       59
  MINIMUM         29    924 AM  11    1982  38     -9       29
  AVERAGE         33                        47    -14       44

PRECIPITATION (IN)
  YESTERDAY        0.01                      0.12  -0.11     0.00
  MONTH TO DATE    1.40                      0.96   0.44     1.52
  SINCE MAR 1      5.41                      3.89   1.52     5.54
  SINCE JAN 1     10.93                      8.95   1.98    13.00

SNOWFALL (IN)
  YESTERDAY        0.1                       0.1    0.0      0.0
  MONTH TO DATE    1.9                       1.6    0.3      2.8
  SINCE MAR 1     14.6                      14.2    0.4     12.1
  SINCE JUL 1     51.7                      66.4  -14.7     37.3
  SNOW DEPTH       0

DEGREE DAYS
 HEATING
  YESTERDAY       32                        18     14       21
  MONTH TO DATE  208                       157     51      126
  SINCE MAR 1   1152                       983    169      917
  SINCE JUL 1   5139                      5200    -61     4228

 COOLING
  YESTERDAY        0                         0      0        0
  MONTH TO DATE    0                         0      0        0
  SINCE MAR 1      0                         1     -1        0
  SINCE JAN 1      3                         1      2        0
..................................................................


WIND (MPH)
  HIGHEST WIND SPEED    17   HIGHEST WIND DIRECTION     N (10)
  HIGHEST GUST SPEED    24   HIGHEST GUST DIRECTION     N (20)
  AVERAGE WIND SPEED     8.4


SKY COVER
  POSSIBLE SUNSHINE  MM
  AVERAGE SKY COVER 0.6


WEATHER CONDITIONS
 THE FOLLOWING WEATHER WAS RECORDED YESTERDAY.
  LIGHT SNOW
  HAZE


RELATIVE HUMIDITY (PERCENT)
 HIGHEST    72           300 AM
 LOWEST     35           400 PM
 AVERAGE    54

..........................................................


THE CLEVELAND OH CLIMATE NORMALS FOR TODAY
                         NORMAL    RECORD    YEAR
 MAXIMUM TEMPERATURE (F)   57        81      1931
 MINIMUM TEMPERATURE (F)   38        17      1972


SUNRISE AND SUNSET
APRIL  9 2018.........SUNRISE   657 AM EDT   SUNSET   801 PM EDT
APRIL 10 2018.........SUNRISE   656 AM EDT   SUNSET   802 PM EDT


-  INDICATES NEGATIVE NUMBERS.
R  INDICATES RECORD WAS SET OR TIED.
MM INDICATES DATA IS MISSING.
T  INDICATES TRACE AMOUNT.




$$
