000
CDUS41 KCLE 020530
CLICLE


CLIMATE REPORT
NATIONAL WEATHER SERVICE CLEVELAND OH
129 AM EDT MON APR 2 2018


...................................

...THE CLEVELAND OH CLIMATE SUMMARY FOR APRIL 1 2018...

CLIMATE NORMAL PERIOD 1981 TO 2010
CLIMATE RECORD PERIOD 1871 TO 2018


WEATHER ITEM   OBSERVED TIME   RECORD YEAR NORMAL DEPARTURE LAST
                VALUE   (LST)  VALUE       VALUE  FROM      YEAR
                                                  NORMAL
..................................................................
TEMPERATURE (F)
 YESTERDAY
  MAXIMUM         43   1210 AM  83    2010  53    -10       49
  MINIMUM         32    701 AM  10    1964  35     -3       37
  AVERAGE         38                        44     -6       43

PRECIPITATION (IN)
  YESTERDAY        0.03                      0.12  -0.09     0.01
  MONTH TO DATE    0.03                      0.12  -0.09     0.01
  SINCE MAR 1      4.04                      3.05   0.99     4.03
  SINCE JAN 1      9.56                      8.11   1.45    11.49

SNOWFALL (IN)
  YESTERDAY        T                         0.2   -0.2      0.0
  MONTH TO DATE    T                         0.2   -0.2      0.0
  SINCE MAR 1     12.7                      12.8   -0.1      9.3
  SINCE JUL 1     49.8                      65.0  -15.2     34.5
  SNOW DEPTH       0

DEGREE DAYS
 HEATING
  YESTERDAY       27                        21      6       22
  MONTH TO DATE   27                        21      6       22
  SINCE MAR 1    971                       847    124      813
  SINCE JUL 1   4958                      5064   -106     4124

 COOLING
  YESTERDAY        0                         0      0        0
  MONTH TO DATE    0                         0      0        0
  SINCE MAR 1      0                         1     -1        0
  SINCE JAN 1      3                         1      2        0
..................................................................


WIND (MPH)
  HIGHEST WIND SPEED    24   HIGHEST WIND DIRECTION    NW (330)
  HIGHEST GUST SPEED    29   HIGHEST GUST DIRECTION    NW (330)
  AVERAGE WIND SPEED     8.9


SKY COVER
  POSSIBLE SUNSHINE  MM
  AVERAGE SKY COVER 0.7


WEATHER CONDITIONS
 THE FOLLOWING WEATHER WAS RECORDED YESTERDAY.
  LIGHT RAIN
  LIGHT SNOW
  FOG


RELATIVE HUMIDITY (PERCENT)
 HIGHEST    89          1100 PM
 LOWEST     50          1100 AM
 AVERAGE    70

..........................................................


THE CLEVELAND OH CLIMATE NORMALS FOR TODAY
                         NORMAL    RECORD    YEAR
 MAXIMUM TEMPERATURE (F)   54        86      2010
 MINIMUM TEMPERATURE (F)   36        19      1883


SUNRISE AND SUNSET
APRIL  2 2018.........SUNRISE   709 AM EDT   SUNSET   754 PM EDT
APRIL  3 2018.........SUNRISE   707 AM EDT   SUNSET   755 PM EDT


-  INDICATES NEGATIVE NUMBERS.
R  INDICATES RECORD WAS SET OR TIED.
MM INDICATES DATA IS MISSING.
T  INDICATES TRACE AMOUNT.




$$
