000
CDUS41 KCLE 082123
CLICLE


CLIMATE REPORT
NATIONAL WEATHER SERVICE CLEVELAND OH
519 PM EDT TUE MAY 8 2018


...................................

...THE CLEVELAND OH CLIMATE SUMMARY FOR MAY 8 2018...
VALID TODAY AS OF 0500 PM LOCAL TIME.

CLIMATE NORMAL PERIOD 1981 TO 2010
CLIMATE RECORD PERIOD 1871 TO 2018


WEATHER ITEM   OBSERVED TIME   RECORD YEAR NORMAL DEPARTURE LAST
                VALUE   (LST)  VALUE       VALUE  FROM      YEAR
                                                  NORMAL
..................................................................
TEMPERATURE (F)
 TODAY
  MAXIMUM         71    152 PM  89    2015  67      4       55
  MINIMUM         43    556 AM  30    1976  48     -5       36
  AVERAGE         57                        57      0       46

PRECIPITATION (IN)
  TODAY            0.00                      0.11  -0.11     0.00
  MONTH TO DATE    0.80                      0.89  -0.09     2.15
  SINCE MAR 1      9.19                      7.31   1.88    10.66
  SINCE JAN 1     14.71                     12.37   2.34    18.12

SNOWFALL (IN)
  TODAY            0.0                       0.0    0.0      0.0
  MONTH TO DATE    0.0                       0.1   -0.1      0.0
  SINCE MAR 1     16.0                      16.0    0.0     12.1
  SINCE JUL 1     53.1                      68.2  -15.1     37.3
  SNOW DEPTH       0

DEGREE DAYS
 HEATING
  TODAY            8                         9     -1       19
  MONTH TO DATE   21                        76    -55      110
  SINCE MAR 1   1596                      1370    226     1154
  SINCE JUL 1   5583                      5587     -4     4465

 COOLING
  TODAY            0                         1     -1        0
  MONTH TO DATE   23                         8     15        0
  SINCE MAR 1     23                        19      4       31
  SINCE JAN 1     26                        19      7       31
..................................................................


WIND (MPH)
  HIGHEST WIND SPEED    12   HIGHEST WIND DIRECTION     N (340)
  HIGHEST GUST SPEED    17   HIGHEST GUST DIRECTION     N (360)


SKY COVER
  POSSIBLE SUNSHINE  MM
  AVERAGE SKY COVER 0.0


WEATHER CONDITIONS
 THE FOLLOWING WEATHER WAS RECORDED TODAY.
  NO SIGNIFICANT WEATHER WAS OBSERVED.


RELATIVE HUMIDITY (PERCENT)
 HIGHEST    96           600 AM
 LOWEST     33           400 PM
 AVERAGE    65

..........................................................


THE CLEVELAND OH CLIMATE NORMALS FOR TOMORROW
                         NORMAL    RECORD    YEAR
 MAXIMUM TEMPERATURE (F)   68        88      2015
                                             1979
 MINIMUM TEMPERATURE (F)   48        29      1983


SUNRISE AND SUNSET
MAY  8 2018...........SUNRISE   616 AM EDT   SUNSET   832 PM EDT
MAY  9 2018...........SUNRISE   615 AM EDT   SUNSET   833 PM EDT


-  INDICATES NEGATIVE NUMBERS.
R  INDICATES RECORD WAS SET OR TIED.
MM INDICATES DATA IS MISSING.
T  INDICATES TRACE AMOUNT.




$$
