000
CXUS51 KCLE 031735
CLMCLE
CLIMATE REPORT
NATIONAL WEATHER SERVICE CLEVELAND, OH
135 PM EDT MON APR 03 2023
...................................
...THE CLEVELAND OH CLIMATE SUMMARY FOR THE MONTH OF MARCH 2023...
CLIMATE NORMAL PERIOD 1991 TO 2020
CLIMATE RECORD PERIOD 1871 TO 2023
WEATHER OBSERVED NORMAL DEPART LAST YEAR`S
VALUE DATE(S) VALUE FROM VALUE
NORMAL
..............................................................
TEMPERATURE (F)
RECORD
HIGH 88 03/09/2018
LOW -5 03/09/1984
03/12/1948
HIGHEST 62 03/01
LOWEST 18 03/15
AVG. MAXIMUM 47.3 47.1 0.2 51.4
AVG. MINIMUM 32.0 30.7 1.3 31.9
MEAN 39.6 38.9 0.7 41.7
DAYS MAX >= 90 0 0.0 0.0 0
DAYS MAX <= 32 1 4.0 -3.0 3
DAYS MIN <= 32 14 20.3 -6.3 13
DAYS MIN <= 0 0 0.0 0.0 0
PRECIPITATION (INCHES)
RECORD
MAXIMUM 8.31 1913
MINIMUM 0.41 1910
TOTALS 3.56 3.06 0.50 3.34
DAYS >= .01 15 14.6 0.4 17
DAYS >= .10 11 8.2 2.8 10
DAYS >= .50 2 1.6 0.4 1
DAYS >= 1.00 1 0.3 0.7 0
GREATEST
24 HR. TOTAL 1.13 03/03 TO 03/03 0.88
SNOWFALL (INCHES)
RECORDS
TOTAL 30.4 2008
TOTALS 4.0 10.8 -6.8 2.5
SINCE 7/1 22.7 61.1 -38.4 50.3
DAYS >= 1.0 1 3.3 -2.3 0
GREATEST
24 HR TOTAL 3.2R 03/13 TO 03/13
DEGREE DAYS
HEATING TOTAL 777 810 -33 715
SINCE 7/1 4328 4857 -529 4628
COOLING TOTAL 0 2 -2 0
SINCE 1/1 0 2 -2 0
..............................................................
WIND (MPH)
AVERAGE WIND SPEED 11.0
HIGHEST WIND SPEED/DIRECTION 45/240 DATE 03/25
HIGHEST GUST SPEED/DIRECTION 63/220 DATE 03/25
SKY COVER
AVERAGE SKY COVER 0.71
AVERAGE RH (PERCENT) 62
WEATHER CONDITIONS. NUMBER OF DAYS WITH
THUNDERSTORM 2 MIXED PRECIP 0
HEAVY RAIN 1 RAIN 6
LIGHT RAIN 15 FREEZING RAIN 0
LT FREEZING RAIN 0 HAIL 0
HEAVY SNOW 2 SNOW 3
LIGHT SNOW 10 SLEET 0
FOG 14 FOG W/VIS <= 1/4 MILE 1
HAZE 8
- INDICATES NEGATIVE NUMBERS.
R INDICATES RECORD WAS SET OR TIED.
MM INDICATES DATA IS MISSING.
T INDICATES TRACE AMOUNT.
$$