821
CXUS51 KCLE 051029
CLMCLE


CLIMATE REPORT
NATIONAL WEATHER SERVICE CLEVELAND OH
528 AM EST MON MAR 5 2018

...................................

...THE CLEVELAND OH CLIMATE SUMMARY FOR THE MONTH OF FEBRUARY 2018...

CLIMATE NORMAL PERIOD 1981 TO 2010
CLIMATE RECORD PERIOD 1871 TO 2018

WEATHER         OBSERVED          NORMAL  DEPART  LAST YEAR`S
                 VALUE   DATE(S)  VALUE   FROM    VALUE
                                          NORMAL
.............................................................
TEMPERATURE (F)
RECORD
 HIGH              77   02/24/2017
 LOW              -17   02/20/2015
HIGHEST            73   02/20
LOWEST             11   02/08
AVG. MAXIMUM     44.1              37.5     6.6     50.1
AVG. MINIMUM     27.9              23.6     4.3     32.4
MEAN             36.0              30.5     5.5     41.3
DAYS MAX >= 90      0               0.0     0.0        0
DAYS MAX <= 32      6               9.2    -3.2        3
DAYS MIN <= 32     18              22.1    -4.1       16
DAYS MIN <= 0       0               0.5    -0.5        0

PRECIPITATION (INCHES)
RECORD
 MAXIMUM         7.73   1887
 MINIMUM         0.18   1877
TOTALS           3.25              2.34    0.91     2.68
DAYS >= .01        20              13.9     6.1       14
DAYS >= .10        12               6.4     5.6        5
DAYS >= .50         1               1.0     0.0        1
DAYS >= 1.00        0               0.1    -0.1        1
GREATEST
 24 HR. TOTAL    0.68   02/19 TO 02/19              1.63

SNOWFALL (INCHES)
RECORDS
 TOTAL           39.1   1993
TOTALS            7.1              14.9    -7.8      3.2
SINCE 7/1        37.1              52.2   -15.1     25.2
DAYS >= 1.0         3               4.4    -1.4        1
GREATEST
 24 HR TOTAL      1.7   02/07 TO 02/07

DEGREE_DAYS
HEATING TOTAL     808               965    -157      658
 SINCE 7/1       3987              4217    -230     3311
COOLING TOTAL       3                 0       3        0
 SINCE 1/1          3                 0       3        0
..............................................................

WIND (MPH)
AVERAGE WIND SPEED              10.4
HIGHEST WIND SPEED/DIRECTION    39/260    DATE  02/25
HIGHEST GUST SPEED/DIRECTION    53/260    DATE  02/25

SKY COVER
AVERAGE SKY COVER           0.90

AVERAGE RH (PERCENT)     73

WEATHER CONDITIONS. NUMBER OF DAYS WITH
THUNDERSTORM              0     MIXED PRECIP               0
HEAVY RAIN                0     RAIN                       0
LIGHT RAIN               13     FREEZING RAIN              0
LT FREEZING RAIN          3     HAIL                       0
HEAVY SNOW                0     SNOW                       3
LIGHT SNOW               14     SLEET                      3
FOG                      19     FOG W/VIS <= 1/4 MILE      2
HAZE                      5

-  INDICATES NEGATIVE NUMBERS.
R  INDICATES RECORD WAS SET OR TIED.
MM INDICATES DATA IS MISSING.
T  INDICATES TRACE AMOUNT.

$$
