000
CXUS51 KCLE 080424
CLMCLE


CLIMATE REPORT
NATIONAL WEATHER SERVICE CLEVELAND OH
1223 AM EDT SUN APR 8 2018

...................................

...THE CLEVELAND OH CLIMATE SUMMARY FOR THE MONTH OF MARCH 2018...

CLIMATE NORMAL PERIOD 1981 TO 2010
CLIMATE RECORD PERIOD 1871 TO 2018

WEATHER         OBSERVED          NORMAL  DEPART  LAST YEAR`S
                 VALUE   DATE(S)  VALUE   FROM    VALUE
                                          NORMAL
.............................................................
TEMPERATURE (F)
RECORD
 HIGH              88   03/09/2018
 LOW               -5   03/09/1984
                        03/12/1948
HIGHEST            57   03/26
LOWEST             18   03/10
AVG. MAXIMUM     41.4              46.6    -5.2     47.0
AVG. MINIMUM     27.4              30.2    -2.8     31.6
MEAN             34.4              38.4    -4.0     39.3
DAYS MAX >= 90      0               0.0     0.0        0
DAYS MAX <= 32      2               3.6    -1.6        6
DAYS MIN <= 32     27              18.9     8.1       14
DAYS MIN <= 0       0               0.0     0.0        0

PRECIPITATION (INCHES)
RECORD
 MAXIMUM         8.31   1913
 MINIMUM         0.41   1910
TOTALS           4.01              2.93    1.08     4.02
DAYS >= .01        15              14.2     0.8       19
DAYS >= .10         8               7.8     0.2       10
DAYS >= .50         3               1.6     1.4        3
DAYS >= 1.00        1               0.2     0.8        0
GREATEST
 24 HR. TOTAL    1.47   03/01 TO 03/01              0.79

SNOWFALL (INCHES)
RECORDS
 TOTAL           30.4   2008
TOTALS           12.7              12.6     0.1      9.3
SINCE 7/1        49.8              64.8   -15.0     34.5
DAYS >= 1.0         5               3.6     1.4        4
GREATEST
 24 HR TOTAL      2.8   03/21 TO 03/21

DEGREE_DAYS
HEATING TOTAL     944               826     118      791
 SINCE 7/1       4931              5043    -112     4102
COOLING TOTAL       0                 1      -1        0
 SINCE 1/1          3                 1       2        0
..............................................................

WIND (MPH)
AVERAGE WIND SPEED              10.7
HIGHEST WIND SPEED/DIRECTION    37/360    DATE  03/01
HIGHEST GUST SPEED/DIRECTION    48/350    DATE  03/01

SKY COVER
AVERAGE SKY COVER           0.70

AVERAGE RH (PERCENT)     67

WEATHER CONDITIONS. NUMBER OF DAYS WITH
THUNDERSTORM              0     MIXED PRECIP               0
HEAVY RAIN                0     RAIN                       2
LIGHT RAIN                8     FREEZING RAIN              0
LT FREEZING RAIN          0     HAIL                       0
HEAVY SNOW                0     SNOW                       5
LIGHT SNOW               13     SLEET                      0
FOG                      14     FOG W/VIS <= 1/4 MILE      1
HAZE                      4

-  INDICATES NEGATIVE NUMBERS.
R  INDICATES RECORD WAS SET OR TIED.
MM INDICATES DATA IS MISSING.
T  INDICATES TRACE AMOUNT.

$$
