000
CXUS51 KCLE 011633
CLMCLE
CLIMATE REPORT
NATIONAL WEATHER SERVICE CLEVELAND, OH
1133 AM EST FRI DEC 01 2023
...................................
...THE CLEVELAND OH CLIMATE SUMMARY FOR THE MONTH OF NOVEMBER 2023...
CLIMATE NORMAL PERIOD 1991 TO 2020
CLIMATE RECORD PERIOD 1871 TO 2023
WEATHER OBSERVED NORMAL DEPART LAST YEAR`S
VALUE DATE(S) VALUE FROM VALUE
NORMAL
..............................................................
TEMPERATURE (F)
RECORD
HIGH 82 11/01/1950
LOW 0 11/22/1880
HIGHEST 68 11/09
LOWEST 17 11/29
AVG. MAXIMUM 52.0 51.3 0.7 53.5
AVG. MINIMUM 34.7 36.7 -2.0 37.3
MEAN 43.3 44.0 -0.7 45.4
DAYS MAX >= 90 0 0.0 0.0 0
DAYS MAX <= 32 1 1.1 -0.1 3
DAYS MIN <= 32 10 11.6 -1.6 10
DAYS MIN <= 0 0 0.0 0.0 0
PRECIPITATION (INCHES)
RECORD
MAXIMUM 8.80 1985
MINIMUM 0.41 1904
TOTALS 1.94 3.37 -1.43 2.46
DAYS >= .01 7 13.1 -6.1 13
DAYS >= .10 5 7.7 -2.7 3
DAYS >= .50 2 2.0 0.0 2
DAYS >= 1.00 0 0.6 -0.6 1
GREATEST
24 HR. TOTAL 0.70 11/17 TO 11/17 1.35
SNOWFALL (INCHES)
RECORDS
TOTAL 23.4 1996
TOTALS 3.1 4.5 -1.4 1.8
SINCE 7/1 4.6 4.6 0.0 1.8
DAYS >= 1.0 2 1.5 0.5 1
GREATEST
24 HR TOTAL 1.9 11/28 TO 11/28
DEGREE DAYS
HEATING TOTAL 641 631 10 587
SINCE 7/1 958 1031 -73 999
COOLING TOTAL 0 1 -1 5
SINCE 1/1 748 947 -199 996
..............................................................
WIND (MPH)
AVERAGE WIND SPEED 9.7
HIGHEST WIND SPEED/DIRECTION 26/160 DATE 11/21
26/250 11/27
HIGHEST GUST SPEED/DIRECTION 38/160 DATE 11/21
SKY COVER
AVERAGE SKY COVER 0.63
AVERAGE RH (PERCENT) 63
WEATHER CONDITIONS. NUMBER OF DAYS WITH
THUNDERSTORM 0 MIXED PRECIP 0
HEAVY RAIN 1 RAIN 2
LIGHT RAIN 8 FREEZING RAIN 0
LT FREEZING RAIN 0 HAIL 0
HEAVY SNOW 2 SNOW 1
LIGHT SNOW 3 SLEET 0
FOG 7 FOG W/VIS <= 1/4 MILE 2
HAZE 2
- INDICATES NEGATIVE NUMBERS.
R INDICATES RECORD WAS SET OR TIED.
MM INDICATES DATA IS MISSING.
T INDICATES TRACE AMOUNT.
$$