000
CDUS41 KCLE 110526
CLIERI


CLIMATE REPORT
NATIONAL WEATHER SERVICE CLEVELAND OH
125 AM EDT FRI MAY 11 2018


...................................

...THE ERIE PA CLIMATE SUMMARY FOR MAY 10 2018...

CLIMATE NORMAL PERIOD 1981 TO 2010
CLIMATE RECORD PERIOD 1873 TO 2018


WEATHER ITEM   OBSERVED TIME   RECORD YEAR NORMAL DEPARTURE LAST
                VALUE   (LST)  VALUE       VALUE  FROM      YEAR
                                                  NORMAL
..................................................................
TEMPERATURE (F)
 YESTERDAY
  MAXIMUM         76   1225 AM  85    2015  65     11       57
                                      1936
                                      1894
  MINIMUM         52   1159 PM  31    2010  46      6       41
                                      1907
  AVERAGE         64                        56      8       49

PRECIPITATION (IN)
  YESTERDAY        0.25                      0.10   0.15     0.00
  MONTH TO DATE    0.58                      1.06  -0.48     3.01
  SINCE MAR 1      8.84                      7.34   1.50    10.48
  SINCE JAN 1     15.26                     12.68   2.58    17.90

SNOWFALL (IN)
  YESTERDAY        0.0                       0.0    0.0      0.0
  MONTH TO DATE    0.0                       0.0    0.0      0.0
  SINCE MAR 1     42.0                      16.9   25.1     10.3
  SINCE JUL 1    198.5                     100.9   97.6     78.6
  SNOW DEPTH       0

DEGREE DAYS
 HEATING
  YESTERDAY        1                        10     -9       16
  MONTH TO DATE   28                       115    -87      173
  SINCE MAR 1   1751                      1569    182     1449
  SINCE JUL 1   5929                      5934     -5     4953

 COOLING
  YESTERDAY        0                         1     -1        0
  MONTH TO DATE   16                         5     11        0
  SINCE MAR 1     16                        12      4        9
  SINCE JAN 1     18                        12      6        9
..................................................................


WIND (MPH)
  HIGHEST WIND SPEED    22   HIGHEST WIND DIRECTION     S (170)
  HIGHEST GUST SPEED    32   HIGHEST GUST DIRECTION     S (190)
  AVERAGE WIND SPEED    12.1


SKY COVER
  POSSIBLE SUNSHINE  MM
  AVERAGE SKY COVER 0.9


WEATHER CONDITIONS
 THE FOLLOWING WEATHER WAS RECORDED YESTERDAY.
  THUNDERSTORM
  HEAVY RAIN
  LIGHT RAIN


RELATIVE HUMIDITY (PERCENT)
 HIGHEST    84           500 AM
 LOWEST     49           200 AM
 AVERAGE    67

..........................................................


THE ERIE PA CLIMATE NORMALS FOR TODAY
                         NORMAL    RECORD    YEAR
 MAXIMUM TEMPERATURE (F)   65        86      1953
 MINIMUM TEMPERATURE (F)   47        31      1966


SUNRISE AND SUNSET
MAY 11 2018...........SUNRISE   604 AM EDT   SUNSET   831 PM EDT
MAY 12 2018...........SUNRISE   603 AM EDT   SUNSET   832 PM EDT


-  INDICATES NEGATIVE NUMBERS.
R  INDICATES RECORD WAS SET OR TIED.
MM INDICATES DATA IS MISSING.
T  INDICATES TRACE AMOUNT.




$$
