000
CDUS41 KCLE 112126
CLIERI


CLIMATE REPORT
NATIONAL WEATHER SERVICE CLEVELAND OH
526 PM EDT WED APR 11 2018


...................................

...THE ERIE PA CLIMATE SUMMARY FOR APRIL 11 2018...
VALID TODAY AS OF 0500 PM LOCAL TIME.

CLIMATE NORMAL PERIOD 1981 TO 2010
CLIMATE RECORD PERIOD 1873 TO 2018


WEATHER ITEM   OBSERVED TIME   RECORD YEAR NORMAL DEPARTURE LAST
                VALUE   (LST)  VALUE       VALUE  FROM      YEAR
                                                  NORMAL
..................................................................
TEMPERATURE (F)
 TODAY
  MAXIMUM         50    322 PM  85    1945  54     -4       69
  MINIMUM         32    231 AM  17    1909  37     -5       47
  AVERAGE         41                        46     -5       58

PRECIPITATION (IN)
  TODAY            T                         0.12  -0.12     0.11
  MONTH TO DATE    0.84                      1.28  -0.44     1.42
  SINCE MAR 1      6.05                      4.23   1.82     5.51
  SINCE JAN 1     12.47                      9.57   2.90    12.93

SNOWFALL (IN)
  TODAY            0.0                       0.1   -0.1      0.0
  MONTH TO DATE    1.2                       2.1   -0.9      0.5
  SINCE MAR 1     37.2                      15.8   21.4     10.3
  SINCE JUL 1    193.7                      99.8   93.9     78.6
  SNOW DEPTH       0

DEGREE DAYS
 HEATING
  TODAY           24                        20      4        7
  MONTH TO DATE  313                       238     75      168
  SINCE MAR 1   1336                      1149    187     1064
  SINCE JUL 1   5514                      5514      0     4568

 COOLING
  TODAY            0                         0      0        0
  MONTH TO DATE    0                         0      0        3
  SINCE MAR 1      0                         1     -1        3
  SINCE JAN 1      2                         1      1        3
..................................................................


WIND (MPH)
  HIGHEST WIND SPEED    24   HIGHEST WIND DIRECTION     S (200)
  HIGHEST GUST SPEED    31   HIGHEST GUST DIRECTION     S (200)


SKY COVER
  POSSIBLE SUNSHINE  MM
  AVERAGE SKY COVER 0.7


WEATHER CONDITIONS
 THE FOLLOWING WEATHER WAS RECORDED TODAY.
  LIGHT RAIN


RELATIVE HUMIDITY (PERCENT)
 HIGHEST    78           100 AM
 LOWEST     37          1100 AM
 AVERAGE    58

..........................................................


THE ERIE PA CLIMATE NORMALS FOR TOMORROW
                         NORMAL    RECORD    YEAR
 MAXIMUM TEMPERATURE (F)   55        85      2001
 MINIMUM TEMPERATURE (F)   37        17      1874


SUNRISE AND SUNSET
APRIL 11 2018.........SUNRISE   647 AM EDT   SUNSET   758 PM EDT
APRIL 12 2018.........SUNRISE   645 AM EDT   SUNSET   759 PM EDT


-  INDICATES NEGATIVE NUMBERS.
R  INDICATES RECORD WAS SET OR TIED.
MM INDICATES DATA IS MISSING.
T  INDICATES TRACE AMOUNT.




$$
