000
CDUS41 KCLE 100531
CLIERI


CLIMATE REPORT
NATIONAL WEATHER SERVICE CLEVELAND OH
129 AM EDT TUE APR 10 2018


...................................

...THE ERIE PA CLIMATE SUMMARY FOR APRIL 9 2018...

CLIMATE NORMAL PERIOD 1981 TO 2010
CLIMATE RECORD PERIOD 1873 TO 2018


WEATHER ITEM   OBSERVED TIME   RECORD YEAR NORMAL DEPARTURE LAST
                VALUE   (LST)  VALUE       VALUE  FROM      YEAR
                                                  NORMAL
..................................................................
TEMPERATURE (F)
 YESTERDAY
  MAXIMUM         38   1112 AM  79    1969  54    -16       74
  MINIMUM         25   1246 AM  17    1977  36    -11       39
                                      1972
                                      1958
  AVERAGE         32                        45    -13       57

PRECIPITATION (IN)
  YESTERDAY        T                         0.12  -0.12     0.00
  MONTH TO DATE    0.84                      1.04  -0.20     1.31
  SINCE MAR 1      6.05                      3.99   2.06     5.40
  SINCE JAN 1     12.47                      9.33   3.14    12.82

SNOWFALL (IN)
  YESTERDAY        T                         0.1   -0.1      0.0
  MONTH TO DATE    1.2                       1.8   -0.6      0.5
  SINCE MAR 1     37.2                      15.5   21.7     10.3
  SINCE JUL 1    193.7                      99.5   94.2     78.6
  SNOW DEPTH       0

DEGREE DAYS
 HEATING
  YESTERDAY       33                        20     13        8
  MONTH TO DATE  258                       198     60      161
  SINCE MAR 1   1281                      1109    172     1057
  SINCE JUL 1   5459                      5474    -15     4561

 COOLING
  YESTERDAY        0                         0      0        0
  MONTH TO DATE    0                         0      0        0
  SINCE MAR 1      0                         1     -1        0
  SINCE JAN 1      2                         1      1        0
..................................................................


WIND (MPH)
  HIGHEST WIND SPEED    13   HIGHEST WIND DIRECTION     N (20)
  HIGHEST GUST SPEED    15   HIGHEST GUST DIRECTION     N (20)
  AVERAGE WIND SPEED     4.0


SKY COVER
  POSSIBLE SUNSHINE  MM
  AVERAGE SKY COVER 0.6


WEATHER CONDITIONS
 THE FOLLOWING WEATHER WAS RECORDED YESTERDAY.
  LIGHT SNOW
  HAZE


RELATIVE HUMIDITY (PERCENT)
 HIGHEST    75           200 AM
 LOWEST     47          1100 AM
 AVERAGE    61

..........................................................


THE ERIE PA CLIMATE NORMALS FOR TODAY
                         NORMAL    RECORD    YEAR
 MAXIMUM TEMPERATURE (F)   54        82      2011
 MINIMUM TEMPERATURE (F)   36        20      2016


SUNRISE AND SUNSET
APRIL 10 2018.........SUNRISE   648 AM EDT   SUNSET   756 PM EDT
APRIL 11 2018.........SUNRISE   647 AM EDT   SUNSET   758 PM EDT


-  INDICATES NEGATIVE NUMBERS.
R  INDICATES RECORD WAS SET OR TIED.
MM INDICATES DATA IS MISSING.
T  INDICATES TRACE AMOUNT.




$$
