000
CDUS41 KCLE 100540
CLIERI


CLIMATE REPORT
NATIONAL WEATHER SERVICE CLEVELAND OH
138 AM EDT THU MAY 10 2018


...................................

...THE ERIE PA CLIMATE SUMMARY FOR MAY 9 2018...

CLIMATE NORMAL PERIOD 1981 TO 2010
CLIMATE RECORD PERIOD 1873 TO 2018


WEATHER ITEM   OBSERVED TIME   RECORD YEAR NORMAL DEPARTURE LAST
                VALUE   (LST)  VALUE       VALUE  FROM      YEAR
                                                  NORMAL
..................................................................
TEMPERATURE (F)
 YESTERDAY
  MAXIMUM         84    424 PM  87    2015  65     19       55
  MINIMUM         51    237 AM  31    2017  46      5       31
  AVERAGE         68                        55     13       43

PRECIPITATION (IN)
  YESTERDAY        0.00                      0.11  -0.11     0.00
  MONTH TO DATE    0.33                      0.96  -0.63     3.01
  SINCE MAR 1      8.59                      7.24   1.35    10.48
  SINCE JAN 1     15.01                     12.58   2.43    17.90

SNOWFALL (IN)
  YESTERDAY        0.0                       0.0    0.0      0.0
  MONTH TO DATE    0.0                       0.0    0.0      0.0
  SINCE MAR 1     42.0                      16.9   25.1     10.3
  SINCE JUL 1    198.5                     100.9   97.6     78.6
  SNOW DEPTH       0

DEGREE DAYS
 HEATING
  YESTERDAY        0                        10    -10       22
  MONTH TO DATE   27                       105    -78      157
  SINCE MAR 1   1750                      1559    191     1433
  SINCE JUL 1   5928                      5924      4     4937

 COOLING
  YESTERDAY        3                         1      2        0
  MONTH TO DATE   16                         4     12        0
  SINCE MAR 1     16                        11      5        9
  SINCE JAN 1     18                        11      7        9
..................................................................


WIND (MPH)
  HIGHEST WIND SPEED    20   HIGHEST WIND DIRECTION     S (190)
  HIGHEST GUST SPEED    27   HIGHEST GUST DIRECTION     S (180)
  AVERAGE WIND SPEED    10.9


SKY COVER
  POSSIBLE SUNSHINE  MM
  AVERAGE SKY COVER 0.2


WEATHER CONDITIONS
 THE FOLLOWING WEATHER WAS RECORDED YESTERDAY.
  NO SIGNIFICANT WEATHER WAS OBSERVED.


RELATIVE HUMIDITY (PERCENT)
 HIGHEST    77           300 AM
 LOWEST     28           500 PM
 AVERAGE    53

..........................................................


THE ERIE PA CLIMATE NORMALS FOR TODAY
                         NORMAL    RECORD    YEAR
 MAXIMUM TEMPERATURE (F)   65        85      2015
                                             1936
                                             1894
 MINIMUM TEMPERATURE (F)   46        31      2010
                                             1907


SUNRISE AND SUNSET
MAY 10 2018...........SUNRISE   605 AM EDT   SUNSET   830 PM EDT
MAY 11 2018...........SUNRISE   604 AM EDT   SUNSET   831 PM EDT


-  INDICATES NEGATIVE NUMBERS.
R  INDICATES RECORD WAS SET OR TIED.
MM INDICATES DATA IS MISSING.
T  INDICATES TRACE AMOUNT.




$$
