000
CDUS41 KCLE 300528
CLIERI


CLIMATE REPORT
NATIONAL WEATHER SERVICE CLEVELAND OH
127 AM EDT MON APR 30 2018


...................................

...THE ERIE PA CLIMATE SUMMARY FOR APRIL 29 2018...

CLIMATE NORMAL PERIOD 1981 TO 2010
CLIMATE RECORD PERIOD 1873 TO 2018


WEATHER ITEM   OBSERVED TIME   RECORD YEAR NORMAL DEPARTURE LAST
                VALUE   (LST)  VALUE       VALUE  FROM      YEAR
                                                  NORMAL
..................................................................
TEMPERATURE (F)
 YESTERDAY
  MAXIMUM         47    231 PM  82    1899  61    -14       58
  MINIMUM         35    222 AM  24    1977  43     -8       47
  AVERAGE         41                        52    -11       53

PRECIPITATION (IN)
  YESTERDAY        T                         0.11  -0.11     0.10
  MONTH TO DATE    3.05                      3.23  -0.18     3.38
  SINCE MAR 1      8.26                      6.18   2.08     7.47
  SINCE JAN 1     14.68                     11.52   3.16    14.89

SNOWFALL (IN)
  YESTERDAY        T                         0.0    0.0      0.0
  MONTH TO DATE    6.0                       3.2    2.8      0.5
  SINCE MAR 1     42.0                      16.9   25.1     10.3
  SINCE JUL 1    198.5                     100.9   97.6     78.6
  SNOW DEPTH       0

DEGREE DAYS
 HEATING
  YESTERDAY       24                        13     11       12
  MONTH TO DATE  680                       529    151      366
  SINCE MAR 1   1703                      1440    263     1262
  SINCE JUL 1   5881                      5805     76     4766

 COOLING
  YESTERDAY        0                         0      0        0
  MONTH TO DATE    0                         0      0        9
  SINCE MAR 1      0                         1     -1        9
  SINCE JAN 1      2                         1      1        9
..................................................................


WIND (MPH)
  HIGHEST WIND SPEED    23   HIGHEST WIND DIRECTION     W (260)
  HIGHEST GUST SPEED    31   HIGHEST GUST DIRECTION     W (270)
  AVERAGE WIND SPEED    11.2


SKY COVER
  POSSIBLE SUNSHINE  MM
  AVERAGE SKY COVER 0.5


WEATHER CONDITIONS
 THE FOLLOWING WEATHER WAS RECORDED YESTERDAY.
  FOG
  HAZE


RELATIVE HUMIDITY (PERCENT)
 HIGHEST    76          1000 AM
 LOWEST     45           300 PM
 AVERAGE    61

..........................................................


THE ERIE PA CLIMATE NORMALS FOR TODAY
                         NORMAL    RECORD    YEAR
 MAXIMUM TEMPERATURE (F)   62        84      1942
                                             1899
 MINIMUM TEMPERATURE (F)   43        29      1876


SUNRISE AND SUNSET
APRIL 30 2018.........SUNRISE   618 AM EDT   SUNSET   819 PM EDT
MAY  1 2018...........SUNRISE   617 AM EDT   SUNSET   820 PM EDT


-  INDICATES NEGATIVE NUMBERS.
R  INDICATES RECORD WAS SET OR TIED.
MM INDICATES DATA IS MISSING.
T  INDICATES TRACE AMOUNT.




$$
