000
CDUS41 KCLE 020530
CLIERI


CLIMATE REPORT
NATIONAL WEATHER SERVICE CLEVELAND OH
129 AM EDT MON APR 2 2018


...................................

...THE ERIE PA CLIMATE SUMMARY FOR APRIL 1 2018...

CLIMATE NORMAL PERIOD 1981 TO 2010
CLIMATE RECORD PERIOD 1873 TO 2018


WEATHER ITEM   OBSERVED TIME   RECORD YEAR NORMAL DEPARTURE LAST
                VALUE   (LST)  VALUE       VALUE  FROM      YEAR
                                                  NORMAL
..................................................................
TEMPERATURE (F)
 YESTERDAY
  MAXIMUM         43   1213 AM  82    2010  50     -7       42
  MINIMUM         31    749 AM   7    1923  33     -2       36
  AVERAGE         37                        42     -5       39

PRECIPITATION (IN)
  YESTERDAY        0.04                      0.11  -0.07     0.07
  MONTH TO DATE    0.04                      0.11  -0.07     0.07
  SINCE MAR 1      5.25                      3.06   2.19     4.16
  SINCE JAN 1     11.67                      8.40   3.27    11.58

SNOWFALL (IN)
  YESTERDAY        T                         0.2   -0.2      0.0
  MONTH TO DATE    T                         0.2   -0.2      0.0
  SINCE MAR 1     36.0                      13.9   22.1      9.8
  SINCE JUL 1    192.5                      97.9   94.6     78.1
  SNOW DEPTH       0

DEGREE DAYS
 HEATING
  YESTERDAY       28                        24      4       26
  MONTH TO DATE   28                        24      4       26
  SINCE MAR 1   1051                       935    116      922
  SINCE JUL 1   5229                      5300    -71     4426

 COOLING
  YESTERDAY        0                         0      0        0
  MONTH TO DATE    0                         0      0        0
  SINCE MAR 1      0                         1     -1        0
  SINCE JAN 1      2                         1      1        0
..................................................................


WIND (MPH)
  HIGHEST WIND SPEED    22   HIGHEST WIND DIRECTION     W (280)
  HIGHEST GUST SPEED    32   HIGHEST GUST DIRECTION     W (270)
  AVERAGE WIND SPEED     8.0


SKY COVER
  POSSIBLE SUNSHINE  MM
  AVERAGE SKY COVER 0.5


WEATHER CONDITIONS
 THE FOLLOWING WEATHER WAS RECORDED YESTERDAY.
  RAIN
  LIGHT RAIN
  LIGHT SNOW
  FOG


RELATIVE HUMIDITY (PERCENT)
 HIGHEST    83          1200 AM
 LOWEST     51           900 AM
 AVERAGE    67

..........................................................


THE ERIE PA CLIMATE NORMALS FOR TODAY
                         NORMAL    RECORD    YEAR
 MAXIMUM TEMPERATURE (F)   51        80      2010
                                             1967
 MINIMUM TEMPERATURE (F)   33        18      1883


SUNRISE AND SUNSET
APRIL  2 2018.........SUNRISE   702 AM EDT   SUNSET   748 PM EDT
APRIL  3 2018.........SUNRISE   700 AM EDT   SUNSET   749 PM EDT


-  INDICATES NEGATIVE NUMBERS.
R  INDICATES RECORD WAS SET OR TIED.
MM INDICATES DATA IS MISSING.
T  INDICATES TRACE AMOUNT.




$$
